{"id":1332,"date":"2023-08-18T12:12:45","date_gmt":"2023-08-18T10:12:45","guid":{"rendered":"https:\/\/www.thrimor.at\/?page_id=1332"},"modified":"2024-05-06T19:15:25","modified_gmt":"2024-05-06T17:15:25","slug":"it-geld","status":"publish","type":"page","link":"https:\/\/www.thrimor.at\/index.php\/was-ist\/it-geld\/","title":{"rendered":"IT-Geld"},"content":{"rendered":"\n<p>IT-Geld (IT = in-time, im Spiel) ist eine Requisite. Es hat keinerlei Gegenwert, abgesehen von seinem Einkaufspreis, anders als OT-Geld (OT = out-time, also in der realen Welt).<\/p>\n\n\n\n<figure class=\"wp-block-image size-large\"><img loading=\"lazy\" decoding=\"async\" width=\"1024\" height=\"768\" src=\"https:\/\/www.thrimor.at\/wp-content\/uploads\/2022\/02\/photo_2022-02-06_22-21-02-3-1024x768.jpg\" alt=\"\" class=\"wp-image-960\" srcset=\"https:\/\/www.thrimor.at\/wp-content\/uploads\/2022\/02\/photo_2022-02-06_22-21-02-3-1024x768.jpg 1024w, https:\/\/www.thrimor.at\/wp-content\/uploads\/2022\/02\/photo_2022-02-06_22-21-02-3-300x225.jpg 300w, https:\/\/www.thrimor.at\/wp-content\/uploads\/2022\/02\/photo_2022-02-06_22-21-02-3-768x576.jpg 768w, https:\/\/www.thrimor.at\/wp-content\/uploads\/2022\/02\/photo_2022-02-06_22-21-02-3-rotated.jpg 1280w\" sizes=\"auto, (max-width: 1024px) 100vw, 1024px\" \/><\/figure>\n\n\n\n<h3 class=\"wp-block-heading\">Was bekomme ich um IT-Geld?<\/h3>\n\n\n\n<p>Grunds\u00e4tzlich sollte dein Charakter alles, was er erwirbt, mit IT-Geld bezahlen. In Tavernen k\u00f6nnen Getr\u00e4nke und Speisen mit IT-Geld bezahlt werden. Was IT Geld kostet, h\u00e4ngt vom Setting der Con ab: Auf einem Reyadank-Fest auf der Feste Falkenhag k\u00f6nnte Vogt Aurelia f\u00fcr Speis und Trank aufkommen, w\u00e4hrend der Wirt der Schiefwind-Taverne bestimmt etwas verlangen wird. Wasser bekommt man aber \u00fcblicherweise \u00fcberall gratis.<\/p>\n\n\n\n<p>Wichtig: IT-Geld ist dabei nur eine Requisite. Sie hat nichts damit zu tun, wof\u00fcr OT gezahlt wird. <\/p>\n\n\n\n<p>Eine Preisliste mit genaueren Vorstellungen, was man f\u00fcr wieviel Geld bekommt, findest du <a href=\"https:\/\/www.thrimor.at\/index.php\/hintergruende-it\/wirtschaft\/\">hier<\/a>.<\/p>\n\n\n\n<h3 class=\"wp-block-heading\">Wie komme ich an IT-Geld?<\/h3>\n\n\n\n<p>Wie bei allen Requisiten, die du f\u00fcr LARP brauchst &#8211; Gewandung, Waffen, Beutel, etc. &#8211; bietet es sich an, einen Grundstock an IT-M\u00fcnzen zu besitzen. Wenn du welche ben\u00f6tigst, kannst du die g\u00fcnstig \u00fcber den Verein erwerben. Melde dich am besten einfach beim Kassier!<\/p>\n\n\n\n<p>Dar\u00fcber hinaus k\u00f6nnen sich Vereinsmitglieder am Anfang einer Con auch M\u00fcnzen ausleihen. \u00dcberlege dir einfach selbst, wieviele M\u00fcnzen dein Charakter sinnvollerweise besitzen wird, und hole dir die entsprechende Anzahl im Vorfeld bei der Orga. Bitte <strong>gib <\/strong>die M\u00fcnzen nach der Con aber wieder <strong>zur\u00fcck<\/strong>!<\/p>\n\n\n\n<h3 class=\"wp-block-heading\">IT-Geld retournieren<\/h3>\n\n\n\n<p>Wenn du selber DInge verkaufst oder Dienstleistungen gegen Geld anbietest, wirst du IT-Geld bekommen. Kl\u00e4re zumindest bei gr\u00f6\u00dferen Mengen an M\u00fcnzen am besten ab, ob die Spieler ihr Geld zur\u00fcckhaben wollen. Bedenke, dass es OT ihr Besitz ist und sie das Geld als Requisite verwendet haben. <\/p>\n\n\n\n<h3 class=\"wp-block-heading\">Was, wenn ich kein IT-Geld habe?<\/h3>\n\n\n\n<p>kein Problem!<\/p>\n\n\n\n<p>Einerseits kannst du bei Thrimor-Veranstaltungen immer eine SL oder den Wirt fragen. Im Normalfall k\u00f6nnen wir recht problemlos M\u00fcnzen zur Verf\u00fcgung stellen, auch w\u00e4hrend eine Con l\u00e4uft. Das solltest du aber nat\u00fcrlich nur tun, wenn dein Charakter IT die M\u00fcnzen hat, nur du OT nicht.<\/p>\n\n\n\n<p>Ansonsten gibt es immer die Klausel &#8222;Meine Mutter hat gesagt&#8220;. Wenn du beispielsweise zum Wirt sagst &#8222;Meine Mutter hat gesagt, dass ich was essen muss.&#8220;, dann wirst du auf jeden Fall immer etwas bekommen. Deine Grundbed\u00fcrfnisse kannst du immer decken! IT-M\u00fcnzen sollen nur das Spiel immersiver gestalten.<\/p>\n","protected":false},"excerpt":{"rendered":"<p>IT-Geld (IT = in-time, im Spiel) ist eine Requisite. Es hat keinerlei Gegenwert, abgesehen von seinem Einkaufspreis, anders als OT-Geld (OT = out-time, also in der realen Welt). Was bekomme ich um IT-Geld? Grunds\u00e4tzlich sollte dein Charakter alles, was er erwirbt, mit IT-Geld bezahlen. In Tavernen k\u00f6nnen Getr\u00e4nke und Speisen mit IT-Geld bezahlt werden. Was [&hellip;]<\/p>\n","protected":false},"author":3,"featured_media":0,"parent":87,"menu_order":6,"comment_status":"closed","ping_status":"closed","template":"","meta":{"om_disable_all_campaigns":false,"footnotes":""},"class_list":["post-1332","page","type-page","status-publish","hentry"],"yoast_head":"<!-- This site is optimized with the Yoast SEO plugin v26.1.1 - https:\/\/yoast.com\/wordpress\/plugins\/seo\/ -->\n<title>IT-Geld - Thrimorer Garde<\/title>\n<meta name=\"robots\" content=\"index, follow, max-snippet:-1, max-image-preview:large, max-video-preview:-1\" \/>\n<link rel=\"canonical\" href=\"https:\/\/www.thrimor.at\/index.php\/was-ist\/it-geld\/\" \/>\n<meta property=\"og:locale\" content=\"de_DE\" \/>\n<meta property=\"og:type\" content=\"article\" \/>\n<meta property=\"og:title\" content=\"IT-Geld - Thrimorer Garde\" \/>\n<meta property=\"og:description\" content=\"IT-Geld (IT = in-time, im Spiel) ist eine Requisite. Es hat keinerlei Gegenwert, abgesehen von seinem Einkaufspreis, anders als OT-Geld (OT = out-time, also in der realen Welt). Was bekomme ich um IT-Geld? Grunds\u00e4tzlich sollte dein Charakter alles, was er erwirbt, mit IT-Geld bezahlen. In Tavernen k\u00f6nnen Getr\u00e4nke und Speisen mit IT-Geld bezahlt werden. Was [&hellip;]\" \/>\n<meta property=\"og:url\" content=\"https:\/\/www.thrimor.at\/index.php\/was-ist\/it-geld\/\" \/>\n<meta property=\"og:site_name\" content=\"Thrimorer Garde\" \/>\n<meta property=\"article:modified_time\" content=\"2024-05-06T17:15:25+00:00\" \/>\n<meta property=\"og:image\" content=\"https:\/\/www.thrimor.at\/wp-content\/uploads\/2022\/02\/photo_2022-02-06_22-21-02-3-1024x768.jpg\" \/>\n<meta name=\"twitter:card\" content=\"summary_large_image\" \/>\n<meta name=\"twitter:label1\" content=\"Gesch\u00e4tzte Lesezeit\" \/>\n\t<meta name=\"twitter:data1\" content=\"3\u00a0Minuten\" \/>\n<script type=\"application\/ld+json\" class=\"yoast-schema-graph\">{\"@context\":\"https:\/\/schema.org\",\"@graph\":[{\"@type\":\"WebPage\",\"@id\":\"https:\/\/www.thrimor.at\/index.php\/was-ist\/it-geld\/\",\"url\":\"https:\/\/www.thrimor.at\/index.php\/was-ist\/it-geld\/\",\"name\":\"IT-Geld - Thrimorer Garde\",\"isPartOf\":{\"@id\":\"https:\/\/www.thrimor.at\/#website\"},\"primaryImageOfPage\":{\"@id\":\"https:\/\/www.thrimor.at\/index.php\/was-ist\/it-geld\/#primaryimage\"},\"image\":{\"@id\":\"https:\/\/www.thrimor.at\/index.php\/was-ist\/it-geld\/#primaryimage\"},\"thumbnailUrl\":\"https:\/\/www.thrimor.at\/wp-content\/uploads\/2022\/02\/photo_2022-02-06_22-21-02-3-1024x768.jpg\",\"datePublished\":\"2023-08-18T10:12:45+00:00\",\"dateModified\":\"2024-05-06T17:15:25+00:00\",\"breadcrumb\":{\"@id\":\"https:\/\/www.thrimor.at\/index.php\/was-ist\/it-geld\/#breadcrumb\"},\"inLanguage\":\"de\",\"potentialAction\":[{\"@type\":\"ReadAction\",\"target\":[\"https:\/\/www.thrimor.at\/index.php\/was-ist\/it-geld\/\"]}]},{\"@type\":\"ImageObject\",\"inLanguage\":\"de\",\"@id\":\"https:\/\/www.thrimor.at\/index.php\/was-ist\/it-geld\/#primaryimage\",\"url\":\"https:\/\/www.thrimor.at\/wp-content\/uploads\/2022\/02\/photo_2022-02-06_22-21-02-3-rotated.jpg\",\"contentUrl\":\"https:\/\/www.thrimor.at\/wp-content\/uploads\/2022\/02\/photo_2022-02-06_22-21-02-3-rotated.jpg\",\"width\":1280,\"height\":960},{\"@type\":\"BreadcrumbList\",\"@id\":\"https:\/\/www.thrimor.at\/index.php\/was-ist\/it-geld\/#breadcrumb\",\"itemListElement\":[{\"@type\":\"ListItem\",\"position\":1,\"name\":\"Home\",\"item\":\"https:\/\/www.thrimor.at\/\"},{\"@type\":\"ListItem\",\"position\":2,\"name\":\"Was ist &#8230;\",\"item\":\"https:\/\/www.thrimor.at\/index.php\/was-ist\/\"},{\"@type\":\"ListItem\",\"position\":3,\"name\":\"IT-Geld\"}]},{\"@type\":\"WebSite\",\"@id\":\"https:\/\/www.thrimor.at\/#website\",\"url\":\"https:\/\/www.thrimor.at\/\",\"name\":\"Thrimorer Garde\",\"description\":\"Eine engagierte LARP-Community aus Salzburg\",\"potentialAction\":[{\"@type\":\"SearchAction\",\"target\":{\"@type\":\"EntryPoint\",\"urlTemplate\":\"https:\/\/www.thrimor.at\/?s={search_term_string}\"},\"query-input\":{\"@type\":\"PropertyValueSpecification\",\"valueRequired\":true,\"valueName\":\"search_term_string\"}}],\"inLanguage\":\"de\"}]}<\/script>\n<!-- \/ Yoast SEO plugin. -->","yoast_head_json":{"title":"IT-Geld - Thrimorer Garde","robots":{"index":"index","follow":"follow","max-snippet":"max-snippet:-1","max-image-preview":"max-image-preview:large","max-video-preview":"max-video-preview:-1"},"canonical":"https:\/\/www.thrimor.at\/index.php\/was-ist\/it-geld\/","og_locale":"de_DE","og_type":"article","og_title":"IT-Geld - Thrimorer Garde","og_description":"IT-Geld (IT = in-time, im Spiel) ist eine Requisite. Es hat keinerlei Gegenwert, abgesehen von seinem Einkaufspreis, anders als OT-Geld (OT = out-time, also in der realen Welt). Was bekomme ich um IT-Geld? Grunds\u00e4tzlich sollte dein Charakter alles, was er erwirbt, mit IT-Geld bezahlen. In Tavernen k\u00f6nnen Getr\u00e4nke und Speisen mit IT-Geld bezahlt werden. Was [&hellip;]","og_url":"https:\/\/www.thrimor.at\/index.php\/was-ist\/it-geld\/","og_site_name":"Thrimorer Garde","article_modified_time":"2024-05-06T17:15:25+00:00","og_image":[{"url":"https:\/\/www.thrimor.at\/wp-content\/uploads\/2022\/02\/photo_2022-02-06_22-21-02-3-1024x768.jpg","type":"","width":"","height":""}],"twitter_card":"summary_large_image","twitter_misc":{"Gesch\u00e4tzte Lesezeit":"3\u00a0Minuten"},"schema":{"@context":"https:\/\/schema.org","@graph":[{"@type":"WebPage","@id":"https:\/\/www.thrimor.at\/index.php\/was-ist\/it-geld\/","url":"https:\/\/www.thrimor.at\/index.php\/was-ist\/it-geld\/","name":"IT-Geld - Thrimorer Garde","isPartOf":{"@id":"https:\/\/www.thrimor.at\/#website"},"primaryImageOfPage":{"@id":"https:\/\/www.thrimor.at\/index.php\/was-ist\/it-geld\/#primaryimage"},"image":{"@id":"https:\/\/www.thrimor.at\/index.php\/was-ist\/it-geld\/#primaryimage"},"thumbnailUrl":"https:\/\/www.thrimor.at\/wp-content\/uploads\/2022\/02\/photo_2022-02-06_22-21-02-3-1024x768.jpg","datePublished":"2023-08-18T10:12:45+00:00","dateModified":"2024-05-06T17:15:25+00:00","breadcrumb":{"@id":"https:\/\/www.thrimor.at\/index.php\/was-ist\/it-geld\/#breadcrumb"},"inLanguage":"de","potentialAction":[{"@type":"ReadAction","target":["https:\/\/www.thrimor.at\/index.php\/was-ist\/it-geld\/"]}]},{"@type":"ImageObject","inLanguage":"de","@id":"https:\/\/www.thrimor.at\/index.php\/was-ist\/it-geld\/#primaryimage","url":"https:\/\/www.thrimor.at\/wp-content\/uploads\/2022\/02\/photo_2022-02-06_22-21-02-3-rotated.jpg","contentUrl":"https:\/\/www.thrimor.at\/wp-content\/uploads\/2022\/02\/photo_2022-02-06_22-21-02-3-rotated.jpg","width":1280,"height":960},{"@type":"BreadcrumbList","@id":"https:\/\/www.thrimor.at\/index.php\/was-ist\/it-geld\/#breadcrumb","itemListElement":[{"@type":"ListItem","position":1,"name":"Home","item":"https:\/\/www.thrimor.at\/"},{"@type":"ListItem","position":2,"name":"Was ist &#8230;","item":"https:\/\/www.thrimor.at\/index.php\/was-ist\/"},{"@type":"ListItem","position":3,"name":"IT-Geld"}]},{"@type":"WebSite","@id":"https:\/\/www.thrimor.at\/#website","url":"https:\/\/www.thrimor.at\/","name":"Thrimorer Garde","description":"Eine engagierte LARP-Community aus Salzburg","potentialAction":[{"@type":"SearchAction","target":{"@type":"EntryPoint","urlTemplate":"https:\/\/www.thrimor.at\/?s={search_term_string}"},"query-input":{"@type":"PropertyValueSpecification","valueRequired":true,"valueName":"search_term_string"}}],"inLanguage":"de"}]}},"jetpack_sharing_enabled":true,"_links":{"self":[{"href":"https:\/\/www.thrimor.at\/index.php\/wp-json\/wp\/v2\/pages\/1332","targetHints":{"allow":["GET"]}}],"collection":[{"href":"https:\/\/www.thrimor.at\/index.php\/wp-json\/wp\/v2\/pages"}],"about":[{"href":"https:\/\/www.thrimor.at\/index.php\/wp-json\/wp\/v2\/types\/page"}],"author":[{"embeddable":true,"href":"https:\/\/www.thrimor.at\/index.php\/wp-json\/wp\/v2\/users\/3"}],"replies":[{"embeddable":true,"href":"https:\/\/www.thrimor.at\/index.php\/wp-json\/wp\/v2\/comments?post=1332"}],"version-history":[{"count":6,"href":"https:\/\/www.thrimor.at\/index.php\/wp-json\/wp\/v2\/pages\/1332\/revisions"}],"predecessor-version":[{"id":1479,"href":"https:\/\/www.thrimor.at\/index.php\/wp-json\/wp\/v2\/pages\/1332\/revisions\/1479"}],"up":[{"embeddable":true,"href":"https:\/\/www.thrimor.at\/index.php\/wp-json\/wp\/v2\/pages\/87"}],"wp:attachment":[{"href":"https:\/\/www.thrimor.at\/index.php\/wp-json\/wp\/v2\/media?parent=1332"}],"curies":[{"name":"wp","href":"https:\/\/api.w.org\/{rel}","templated":true}]}}