{"id":1590,"date":"2025-04-06T12:29:31","date_gmt":"2025-04-06T10:29:31","guid":{"rendered":"https:\/\/www.thrimor.at\/?page_id=1590"},"modified":"2025-04-07T14:11:35","modified_gmt":"2025-04-07T12:11:35","slug":"mitglied-werden","status":"publish","type":"page","link":"https:\/\/www.thrimor.at\/index.php\/die-thrimorer\/mitglied-werden\/","title":{"rendered":"Mitglied werden"},"content":{"rendered":"\n<figure class=\"wp-block-image size-large\"><img loading=\"lazy\" decoding=\"async\" width=\"683\" height=\"1024\" src=\"https:\/\/www.thrimor.at\/wp-content\/uploads\/2025\/04\/mitglied_werden-683x1024.jpg\" alt=\"\" class=\"wp-image-1593\" srcset=\"https:\/\/www.thrimor.at\/wp-content\/uploads\/2025\/04\/mitglied_werden-683x1024.jpg 683w, https:\/\/www.thrimor.at\/wp-content\/uploads\/2025\/04\/mitglied_werden-200x300.jpg 200w, https:\/\/www.thrimor.at\/wp-content\/uploads\/2025\/04\/mitglied_werden-768x1152.jpg 768w, https:\/\/www.thrimor.at\/wp-content\/uploads\/2025\/04\/mitglied_werden-1024x1536.jpg 1024w, https:\/\/www.thrimor.at\/wp-content\/uploads\/2025\/04\/mitglied_werden-1365x2048.jpg 1365w, https:\/\/www.thrimor.at\/wp-content\/uploads\/2025\/04\/mitglied_werden-scaled.jpg 1706w\" sizes=\"auto, (max-width: 683px) 100vw, 683px\" \/><\/figure>\n\n\n\n<p>Lieber Gast, du willst Mitglied werden? Wir freuen uns immer \u00fcber neue Gesichter, die unsere Gemeinschaft, das Hobby LARP und die gemeinsame Sache unterst\u00fctzen. Unsere Veranstaltungen sind ohne Gewinn kalkuliert, um unser Hobby m\u00f6glichst kostenschonend jedem zug\u00e4nglich zu machen. Daher finanzieren wir unsere gesamte Vereinsausstattung (K\u00fcche, Schilde Wappenr\u00f6cke, Nebelmaschine, Zelte, Beleuchtung, Deko, etc.) vorrangig aus unseren Mitgliedsbeitr\u00e4gen &#8211; und alle Mitglieder d\u00fcrfen sie auch gratis benutzen. Die Mitgliedschaft gibt es zum erschwinglichen Preis von \u20ac 10 im Monat. Sch\u00fcler, Studenten, Lehrlinge, Karenzierte, Arbeitslose, etc zahlen sogar nur \u20ac 3 im Monat.<\/p>\n\n\n\n<p>Als Vereinsmitglied hast du viele Vorteile:<\/p>\n\n\n\n<ul class=\"wp-block-list\">\n<li>Vereinsmitglieder haben volles Mitsprache- und Stimmrecht in allen Belangen des Vereins.<\/li>\n\n\n\n<li>Vereinsmitglieder haben gratis Zugriff auf den Fundus.<\/li>\n\n\n\n<li>Vereinsmitglieder bekommen bei Eintritt ein frisch gepr\u00e4gtes Thrimor-M\u00fcnzset mit 20 Kupfer-, 3 Silber- und 1 Goldm\u00fcnze.<\/li>\n\n\n\n<li>Vereinsmitglieder k\u00f6nnen \u00fcber uns eine \u00f6sterreichische Bauhausvorteilskarte beantragen, mit der auf jeden Einkauf 7% Rabatt gew\u00e4hrt werden.<\/li>\n\n\n\n<li>Da wir Erkrankungen wie Tetanus und FSME in unserem Hobby h\u00e4ufiger ausgesetzt sind, bietet euch unser diplomiertes Gesundheits- und Krankenpflege-Personal in Zusammenarbeit mit unserem Arzt eine Impfberatung und die Durchf\u00fchrung der Impfungen laut g\u00fcltigem \u00f6sterreichischen Impfplan an.<\/li>\n\n\n\n<li>Vereinsmitglieder bezahlen bei den meisten Vereinsveranstaltungen g\u00fcnstigere Preise.<\/li>\n\n\n\n<li>Vereinsmitglieder bekommen automatisch 10 % Rabatt bei der <a href=\"https:\/\/metwabe-oesterreich.at\/\" target=\"_blank\" rel=\"noreferrer noopener\">Metwabe \u00d6sterreich<\/a>.<\/li>\n<\/ul>\n\n\n\n<p>Du m\u00f6chtest Mitglied werden? Dann lade dir <a href=\"https:\/\/www.thrimor.at\/wp-content\/uploads\/simple-file-list\/Thrimorer-Garde-Vereinsbeitrittsformular.pdf\" target=\"_blank\" rel=\"noreferrer noopener\">hier unser Beitrittsformular<\/a> herunter und schick uns das ausgef\u00fcllte Formular. Du hast noch Fragen? Dann nutze unser <a href=\"https:\/\/www.thrimor.at\/index.php\/kontakt\/\">Kontaktformular<\/a> und schreib uns. Wir stehen dir gerne Rede und Antwort.<\/p>\n","protected":false},"excerpt":{"rendered":"<p>Lieber Gast, du willst Mitglied werden? Wir freuen uns immer \u00fcber neue Gesichter, die unsere Gemeinschaft, das Hobby LARP und die gemeinsame Sache unterst\u00fctzen. Unsere Veranstaltungen sind ohne Gewinn kalkuliert, um unser Hobby m\u00f6glichst kostenschonend jedem zug\u00e4nglich zu machen. Daher finanzieren wir unsere gesamte Vereinsausstattung (K\u00fcche, Schilde Wappenr\u00f6cke, Nebelmaschine, Zelte, Beleuchtung, Deko, etc.) vorrangig aus [&hellip;]<\/p>\n","protected":false},"author":1,"featured_media":0,"parent":91,"menu_order":0,"comment_status":"closed","ping_status":"closed","template":"","meta":{"om_disable_all_campaigns":false,"footnotes":""},"class_list":["post-1590","page","type-page","status-publish","hentry"],"yoast_head":"<!-- This site is optimized with the Yoast SEO plugin v26.1.1 - https:\/\/yoast.com\/wordpress\/plugins\/seo\/ -->\n<title>Mitglied werden - Thrimorer Garde<\/title>\n<meta name=\"robots\" content=\"index, follow, max-snippet:-1, max-image-preview:large, max-video-preview:-1\" \/>\n<link rel=\"canonical\" href=\"https:\/\/www.thrimor.at\/index.php\/die-thrimorer\/mitglied-werden\/\" \/>\n<meta property=\"og:locale\" content=\"de_DE\" \/>\n<meta property=\"og:type\" content=\"article\" \/>\n<meta property=\"og:title\" content=\"Mitglied werden - Thrimorer Garde\" \/>\n<meta property=\"og:description\" content=\"Lieber Gast, du willst Mitglied werden? Wir freuen uns immer \u00fcber neue Gesichter, die unsere Gemeinschaft, das Hobby LARP und die gemeinsame Sache unterst\u00fctzen. Unsere Veranstaltungen sind ohne Gewinn kalkuliert, um unser Hobby m\u00f6glichst kostenschonend jedem zug\u00e4nglich zu machen. Daher finanzieren wir unsere gesamte Vereinsausstattung (K\u00fcche, Schilde Wappenr\u00f6cke, Nebelmaschine, Zelte, Beleuchtung, Deko, etc.) vorrangig aus [&hellip;]\" \/>\n<meta property=\"og:url\" content=\"https:\/\/www.thrimor.at\/index.php\/die-thrimorer\/mitglied-werden\/\" \/>\n<meta property=\"og:site_name\" content=\"Thrimorer Garde\" \/>\n<meta property=\"article:modified_time\" content=\"2025-04-07T12:11:35+00:00\" \/>\n<meta property=\"og:image\" content=\"https:\/\/www.thrimor.at\/wp-content\/uploads\/2025\/04\/mitglied_werden-scaled.jpg\" \/>\n\t<meta property=\"og:image:width\" content=\"1706\" \/>\n\t<meta property=\"og:image:height\" content=\"2560\" \/>\n\t<meta property=\"og:image:type\" content=\"image\/jpeg\" \/>\n<meta name=\"twitter:card\" content=\"summary_large_image\" \/>\n<meta name=\"twitter:label1\" content=\"Gesch\u00e4tzte Lesezeit\" \/>\n\t<meta name=\"twitter:data1\" content=\"2\u00a0Minuten\" \/>\n<script type=\"application\/ld+json\" class=\"yoast-schema-graph\">{\"@context\":\"https:\/\/schema.org\",\"@graph\":[{\"@type\":\"WebPage\",\"@id\":\"https:\/\/www.thrimor.at\/index.php\/die-thrimorer\/mitglied-werden\/\",\"url\":\"https:\/\/www.thrimor.at\/index.php\/die-thrimorer\/mitglied-werden\/\",\"name\":\"Mitglied werden - Thrimorer Garde\",\"isPartOf\":{\"@id\":\"https:\/\/www.thrimor.at\/#website\"},\"primaryImageOfPage\":{\"@id\":\"https:\/\/www.thrimor.at\/index.php\/die-thrimorer\/mitglied-werden\/#primaryimage\"},\"image\":{\"@id\":\"https:\/\/www.thrimor.at\/index.php\/die-thrimorer\/mitglied-werden\/#primaryimage\"},\"thumbnailUrl\":\"https:\/\/www.thrimor.at\/wp-content\/uploads\/2025\/04\/mitglied_werden-683x1024.jpg\",\"datePublished\":\"2025-04-06T10:29:31+00:00\",\"dateModified\":\"2025-04-07T12:11:35+00:00\",\"breadcrumb\":{\"@id\":\"https:\/\/www.thrimor.at\/index.php\/die-thrimorer\/mitglied-werden\/#breadcrumb\"},\"inLanguage\":\"de\",\"potentialAction\":[{\"@type\":\"ReadAction\",\"target\":[\"https:\/\/www.thrimor.at\/index.php\/die-thrimorer\/mitglied-werden\/\"]}]},{\"@type\":\"ImageObject\",\"inLanguage\":\"de\",\"@id\":\"https:\/\/www.thrimor.at\/index.php\/die-thrimorer\/mitglied-werden\/#primaryimage\",\"url\":\"https:\/\/www.thrimor.at\/wp-content\/uploads\/2025\/04\/mitglied_werden-scaled.jpg\",\"contentUrl\":\"https:\/\/www.thrimor.at\/wp-content\/uploads\/2025\/04\/mitglied_werden-scaled.jpg\",\"width\":1706,\"height\":2560},{\"@type\":\"BreadcrumbList\",\"@id\":\"https:\/\/www.thrimor.at\/index.php\/die-thrimorer\/mitglied-werden\/#breadcrumb\",\"itemListElement\":[{\"@type\":\"ListItem\",\"position\":1,\"name\":\"Home\",\"item\":\"https:\/\/www.thrimor.at\/\"},{\"@type\":\"ListItem\",\"position\":2,\"name\":\"Die Thrimorer\",\"item\":\"https:\/\/www.thrimor.at\/index.php\/die-thrimorer\/\"},{\"@type\":\"ListItem\",\"position\":3,\"name\":\"Mitglied werden\"}]},{\"@type\":\"WebSite\",\"@id\":\"https:\/\/www.thrimor.at\/#website\",\"url\":\"https:\/\/www.thrimor.at\/\",\"name\":\"Thrimorer Garde\",\"description\":\"Eine engagierte LARP-Community aus Salzburg\",\"potentialAction\":[{\"@type\":\"SearchAction\",\"target\":{\"@type\":\"EntryPoint\",\"urlTemplate\":\"https:\/\/www.thrimor.at\/?s={search_term_string}\"},\"query-input\":{\"@type\":\"PropertyValueSpecification\",\"valueRequired\":true,\"valueName\":\"search_term_string\"}}],\"inLanguage\":\"de\"}]}<\/script>\n<!-- \/ Yoast SEO plugin. -->","yoast_head_json":{"title":"Mitglied werden - Thrimorer Garde","robots":{"index":"index","follow":"follow","max-snippet":"max-snippet:-1","max-image-preview":"max-image-preview:large","max-video-preview":"max-video-preview:-1"},"canonical":"https:\/\/www.thrimor.at\/index.php\/die-thrimorer\/mitglied-werden\/","og_locale":"de_DE","og_type":"article","og_title":"Mitglied werden - Thrimorer Garde","og_description":"Lieber Gast, du willst Mitglied werden? Wir freuen uns immer \u00fcber neue Gesichter, die unsere Gemeinschaft, das Hobby LARP und die gemeinsame Sache unterst\u00fctzen. Unsere Veranstaltungen sind ohne Gewinn kalkuliert, um unser Hobby m\u00f6glichst kostenschonend jedem zug\u00e4nglich zu machen. Daher finanzieren wir unsere gesamte Vereinsausstattung (K\u00fcche, Schilde Wappenr\u00f6cke, Nebelmaschine, Zelte, Beleuchtung, Deko, etc.) vorrangig aus [&hellip;]","og_url":"https:\/\/www.thrimor.at\/index.php\/die-thrimorer\/mitglied-werden\/","og_site_name":"Thrimorer Garde","article_modified_time":"2025-04-07T12:11:35+00:00","og_image":[{"width":1706,"height":2560,"url":"https:\/\/www.thrimor.at\/wp-content\/uploads\/2025\/04\/mitglied_werden-scaled.jpg","type":"image\/jpeg"}],"twitter_card":"summary_large_image","twitter_misc":{"Gesch\u00e4tzte Lesezeit":"2\u00a0Minuten"},"schema":{"@context":"https:\/\/schema.org","@graph":[{"@type":"WebPage","@id":"https:\/\/www.thrimor.at\/index.php\/die-thrimorer\/mitglied-werden\/","url":"https:\/\/www.thrimor.at\/index.php\/die-thrimorer\/mitglied-werden\/","name":"Mitglied werden - Thrimorer Garde","isPartOf":{"@id":"https:\/\/www.thrimor.at\/#website"},"primaryImageOfPage":{"@id":"https:\/\/www.thrimor.at\/index.php\/die-thrimorer\/mitglied-werden\/#primaryimage"},"image":{"@id":"https:\/\/www.thrimor.at\/index.php\/die-thrimorer\/mitglied-werden\/#primaryimage"},"thumbnailUrl":"https:\/\/www.thrimor.at\/wp-content\/uploads\/2025\/04\/mitglied_werden-683x1024.jpg","datePublished":"2025-04-06T10:29:31+00:00","dateModified":"2025-04-07T12:11:35+00:00","breadcrumb":{"@id":"https:\/\/www.thrimor.at\/index.php\/die-thrimorer\/mitglied-werden\/#breadcrumb"},"inLanguage":"de","potentialAction":[{"@type":"ReadAction","target":["https:\/\/www.thrimor.at\/index.php\/die-thrimorer\/mitglied-werden\/"]}]},{"@type":"ImageObject","inLanguage":"de","@id":"https:\/\/www.thrimor.at\/index.php\/die-thrimorer\/mitglied-werden\/#primaryimage","url":"https:\/\/www.thrimor.at\/wp-content\/uploads\/2025\/04\/mitglied_werden-scaled.jpg","contentUrl":"https:\/\/www.thrimor.at\/wp-content\/uploads\/2025\/04\/mitglied_werden-scaled.jpg","width":1706,"height":2560},{"@type":"BreadcrumbList","@id":"https:\/\/www.thrimor.at\/index.php\/die-thrimorer\/mitglied-werden\/#breadcrumb","itemListElement":[{"@type":"ListItem","position":1,"name":"Home","item":"https:\/\/www.thrimor.at\/"},{"@type":"ListItem","position":2,"name":"Die Thrimorer","item":"https:\/\/www.thrimor.at\/index.php\/die-thrimorer\/"},{"@type":"ListItem","position":3,"name":"Mitglied werden"}]},{"@type":"WebSite","@id":"https:\/\/www.thrimor.at\/#website","url":"https:\/\/www.thrimor.at\/","name":"Thrimorer Garde","description":"Eine engagierte LARP-Community aus Salzburg","potentialAction":[{"@type":"SearchAction","target":{"@type":"EntryPoint","urlTemplate":"https:\/\/www.thrimor.at\/?s={search_term_string}"},"query-input":{"@type":"PropertyValueSpecification","valueRequired":true,"valueName":"search_term_string"}}],"inLanguage":"de"}]}},"jetpack_sharing_enabled":true,"_links":{"self":[{"href":"https:\/\/www.thrimor.at\/index.php\/wp-json\/wp\/v2\/pages\/1590","targetHints":{"allow":["GET"]}}],"collection":[{"href":"https:\/\/www.thrimor.at\/index.php\/wp-json\/wp\/v2\/pages"}],"about":[{"href":"https:\/\/www.thrimor.at\/index.php\/wp-json\/wp\/v2\/types\/page"}],"author":[{"embeddable":true,"href":"https:\/\/www.thrimor.at\/index.php\/wp-json\/wp\/v2\/users\/1"}],"replies":[{"embeddable":true,"href":"https:\/\/www.thrimor.at\/index.php\/wp-json\/wp\/v2\/comments?post=1590"}],"version-history":[{"count":2,"href":"https:\/\/www.thrimor.at\/index.php\/wp-json\/wp\/v2\/pages\/1590\/revisions"}],"predecessor-version":[{"id":1594,"href":"https:\/\/www.thrimor.at\/index.php\/wp-json\/wp\/v2\/pages\/1590\/revisions\/1594"}],"up":[{"embeddable":true,"href":"https:\/\/www.thrimor.at\/index.php\/wp-json\/wp\/v2\/pages\/91"}],"wp:attachment":[{"href":"https:\/\/www.thrimor.at\/index.php\/wp-json\/wp\/v2\/media?parent=1590"}],"curies":[{"name":"wp","href":"https:\/\/api.w.org\/{rel}","templated":true}]}}