{"id":1691,"date":"2026-01-09T12:45:33","date_gmt":"2026-01-09T11:45:33","guid":{"rendered":"https:\/\/www.thrimor.at\/?page_id=1691"},"modified":"2026-01-26T20:53:56","modified_gmt":"2026-01-26T19:53:56","slug":"moringaard-26-1","status":"publish","type":"page","link":"https:\/\/www.thrimor.at\/index.php\/events\/moringaard-26-1\/","title":{"rendered":"Moringaard\u00a026.1"},"content":{"rendered":"\n<figure class=\"wp-block-image size-large\"><img loading=\"lazy\" decoding=\"async\" width=\"1024\" height=\"722\" src=\"https:\/\/www.thrimor.at\/wp-content\/uploads\/2026\/01\/moringard-1024x722.png\" alt=\"\" class=\"wp-image-1724\" srcset=\"https:\/\/www.thrimor.at\/wp-content\/uploads\/2026\/01\/moringard-1024x722.png 1024w, https:\/\/www.thrimor.at\/wp-content\/uploads\/2026\/01\/moringard-300x211.png 300w, https:\/\/www.thrimor.at\/wp-content\/uploads\/2026\/01\/moringard-768x541.png 768w, https:\/\/www.thrimor.at\/wp-content\/uploads\/2026\/01\/moringard-1536x1083.png 1536w, https:\/\/www.thrimor.at\/wp-content\/uploads\/2026\/01\/moringard-2048x1444.png 2048w\" sizes=\"auto, (max-width: 1024px) 100vw, 1024px\" \/><\/figure>\n\n\n\n<p>Dies ist eine externe Veranstaltung.&nbsp;<\/p>\n\n\n\n<p>Auf zu neuen Ufern.&nbsp;<\/p>\n\n\n\n<p>Seine Grafschaft&nbsp;Folken&nbsp;Tirell&nbsp;Thrimos&nbsp;hat entschieden,&nbsp;eine Expedition nach&nbsp;Moringaard&nbsp;zu senden. Diese soll eine&nbsp;Erkundung durchf\u00fchren und mit Informationen \u00fcber dieses unbekannte Land zur\u00fcckkehren.&nbsp;Wir wissen, dass&nbsp;sie seit jeher gegen Untote und Orks k\u00e4mpfen. Der Feind unseres Feindes ist unser Freund? Wir werden sehen.&nbsp;<\/p>\n\n\n\n<p>Durchgef\u00fchrt wird diese Expedition wie \u00fcblich von der 1.Kompanie der&nbsp;1. Kohorte&nbsp;Thrimors.&nbsp;Freiwilligenmeldungen werden gerne entgegengenommen.&nbsp;<\/p>\n\n\n\n<p>Im Krieg gegen die&nbsp;Totlosen&nbsp;Moringaards&nbsp;bildet die 7te H\u00fcgelbastion eine Schl\u00fcsselstellung an der sogenannten Brennenden Front. Hier sammeln sich die M\u00e4chte des Lebens und des Lichts,&nbsp;um gegen den Ewigen Tod zu streiten.&nbsp;<br>Die Bastion ist ein Bollwerk des Lebens und ein Dorn im fauligen Fleisch der verderbten&nbsp;Hexerk\u00f6nigin&nbsp;Lazara&nbsp;\u201edie Totgeborene\u201c und ihrer Todeslegionen. Blutgierige Ork-Horden liegen im offenen Krieg mit den Menschen und Elben.&nbsp;Totlose&nbsp;Legionen und Schw\u00e4rme von Seelenlosen Leibern bedrohen die Bastion. Die&nbsp;Hexerk\u00f6nigin&nbsp;Lazara&nbsp;und ihre Todeslegionen lauern auf eine Schw\u00e4che der Armeen des Lichts&#8230;&nbsp;<\/p>\n\n\n\n<p>Seit nunmehr \u00fcber 20 Jahren tobt der Krieg gegen die&nbsp;Totlosen, und wie jedes Jahr sammeln sich die M\u00e4chte des&nbsp;Lebens&nbsp;um den Kampf mit dem Ewigen Tod&nbsp;Moringaards&nbsp;aufzunehmen. Ritter, Adelige, Krieger, S\u00f6ldner, Gl\u00fccksritter, und allerlei Volk stellt sich entschlossen den Fluten des Todes in der diesj\u00e4hrigen Fr\u00fchjahrs-Offensive entgegen.&nbsp;<\/p>\n\n\n\n<p><strong>Wann<\/strong>&nbsp;<\/p>\n\n\n\n<p>30. April &#8211; 3. Mai 2026&nbsp;<\/p>\n\n\n\n<p><strong>Wo<\/strong>&nbsp;<\/p>\n\n\n\n<p><a href=\"https:\/\/www.gruppenunterkuenfte.de\/Pfadfindergelaende-Mennersberg__i11083.html\" target=\"_blank\" rel=\"noreferrer noopener\">Pfadfinderhaus in Kastl Zeltpl\u00e4tze<br><\/a>Mennersberg 8&nbsp;<br>92280 Kastl&nbsp;<br>Deutschland&nbsp;<\/p>\n\n\n\n<p><strong>Verpflegung<\/strong>&nbsp;<\/p>\n\n\n\n<p>Wir&nbsp;verpflegen uns&nbsp;selbst. Kosten folgen.&nbsp;<\/p>\n\n\n\n<p><strong>Unkostenbeitrag<\/strong>&nbsp;<\/p>\n\n\n\n<p>Wir rechnen mit rund 100-150\u20ac\/Person f\u00fcr Verpflegung und Materialtransport.&nbsp;<\/p>\n\n\n\n<p>Au\u00dferdem ben\u00f6tigt ihr <a href=\"https:\/\/docs.google.com\/forms\/d\/e\/1FAIpQLScv8FopcjdP_N6maBrgSrMzb11mKS5BEW6IisvBcqpzNAq4zw\/viewform\" target=\"_blank\" rel=\"noreferrer noopener\">hier<\/a>&nbsp;ein Ticket und m\u00fcsst das daf\u00fcr Geld <a href=\"https:\/\/drive.google.com\/file\/d\/1XPYUHCktQkwTv9asLQBZbrfAzilR9585\/view\" target=\"_blank\" rel=\"noreferrer noopener\">hier<\/a> \u00fcberweisen.&nbsp;<\/p>\n\n\n\n<p>Daten f\u00fcr die Anmeldung:&nbsp;<\/p>\n\n\n\n<ul class=\"wp-block-list\">\n<li>IT-Gruppe:&nbsp;Thrimorer&nbsp;Garde&nbsp;<\/li>\n\n\n\n<li>Ansprechpartner f\u00fcr eure Gruppe: Florian&nbsp;Nidetzky&nbsp;<\/li>\n<\/ul>\n\n\n\n<p>Wer vor oder w\u00e4hrend der Veranstaltung dem Verein beitritt, bekommt die Preisdifferenz&nbsp;zum Vereinsmitglied&nbsp;gutgeschrieben.&nbsp;<\/p>\n\n\n\n<p><strong>Unterkunft<\/strong>&nbsp;<\/p>\n\n\n\n<p>Wir stellen Vereinszelte.&nbsp;<\/p>\n\n\n\n<p><strong>Mitzubringen<\/strong>&nbsp;<\/p>\n\n\n\n<ul class=\"wp-block-list\">\n<li>Schlafsack und&nbsp;Unterlagsmatte\/Feldbett&nbsp;<\/li>\n\n\n\n<li>pers\u00f6nliche Ausr\u00fcstung&nbsp;<\/li>\n\n\n\n<li>feste, mindestens kn\u00f6chelhohe Schuhe!&nbsp;&nbsp;<\/li>\n\n\n\n<li>wenn m\u00f6glich gr\u00fcne Hosen und wei\u00dfe Hemden (Larp-tauglich)&nbsp;&nbsp;<\/li>\n\n\n\n<li>R\u00fcstung und Waffen soweit vorhanden&nbsp;<\/li>\n\n\n\n<li>verschlie\u00dfbarer Essensbeh\u00e4lter (nicht IT-tauglich)&nbsp;<\/li>\n\n\n\n<li>Arbeitshandschuhe f\u00fcr den Auf- und Abbau&nbsp;<\/li>\n\n\n\n<li>Spa\u00df und gute Laune&nbsp;<\/li>\n<\/ul>\n\n\n\n<p>Tetanus- und FSME-Impfungen sind empfehlenswert.&nbsp;<\/p>\n\n\n\n<p>Mehr zur&nbsp;Thrimorer&nbsp;Kultur findest du unter: <a href=\"https:\/\/www.thrimor.at\/index.php\/was-ist\/ein-thrimorer\/\" target=\"_blank\" rel=\"noreferrer noopener\">Ein&nbsp;Thrimorer&nbsp;werden in f\u00fcnf Minuten.<\/a><\/p>\n\n\n\n<h2 class=\"wp-block-heading\">Anmeldung<\/h2>\n\n\n\n<div class=\"wp-block-contact-form-7-contact-form-selector\">\n<div class=\"wpcf7 no-js\" id=\"wpcf7-f1689-o1\" lang=\"de-DE\" dir=\"ltr\" data-wpcf7-id=\"1689\">\n<div class=\"screen-reader-response\"><p role=\"status\" aria-live=\"polite\" aria-atomic=\"true\"><\/p> <ul><\/ul><\/div>\n<form action=\"\/index.php\/wp-json\/wp\/v2\/pages\/1691#wpcf7-f1689-o1\" method=\"post\" class=\"wpcf7-form init\" aria-label=\"Kontaktformular\" novalidate=\"novalidate\" data-status=\"init\">\n<fieldset class=\"hidden-fields-container\"><input type=\"hidden\" name=\"_wpcf7\" value=\"1689\" \/><input type=\"hidden\" name=\"_wpcf7_version\" value=\"6.1.2\" \/><input type=\"hidden\" name=\"_wpcf7_locale\" value=\"de_DE\" \/><input type=\"hidden\" name=\"_wpcf7_unit_tag\" value=\"wpcf7-f1689-o1\" \/><input type=\"hidden\" name=\"_wpcf7_container_post\" value=\"0\" \/><input type=\"hidden\" name=\"_wpcf7_posted_data_hash\" value=\"\" \/><input type=\"hidden\" name=\"_wpcf7_recaptcha_response\" value=\"\" \/>\n<\/fieldset>\n<input class=\"wpcf7-form-control wpcf7-hidden\" value=\"Moringaard 26.1\" type=\"hidden\" name=\"event\" \/>\n<input class=\"wpcf7-form-control wpcf7-hidden\" value=\"30. April - 3. Mai 2026\" type=\"hidden\" name=\"date\" \/>\n<p><label> <b>Essgewohnheiten *<\/b> <\/label><br \/>\n<span class=\"wpcf7-form-control-wrap\" data-name=\"eating-habits\"><span class=\"wpcf7-form-control wpcf7-radio\"><span class=\"wpcf7-list-item first\"><label><input type=\"radio\" name=\"eating-habits\" value=\"Ich esse alles\" checked=\"checked\" \/><span class=\"wpcf7-list-item-label\">Ich esse alles<\/span><\/label><\/span><span class=\"wpcf7-list-item last\"><label><input type=\"radio\" name=\"eating-habits\" value=\"Ich esse kein Fleisch\" \/><span class=\"wpcf7-list-item-label\">Ich esse kein Fleisch<\/span><\/label><\/span><\/span><\/span>\n<\/p>\n<p><label> <b>Anreise *<\/b> <\/label><br \/>\n<span class=\"wpcf7-form-control-wrap\" data-name=\"arrival\"><span class=\"wpcf7-form-control wpcf7-radio\"><span class=\"wpcf7-list-item first\"><label><input type=\"radio\" name=\"arrival\" value=\"Fr\u00fchanreise am Dienstag den 28. April 2026 ab 13:00\" checked=\"checked\" \/><span class=\"wpcf7-list-item-label\">Fr\u00fchanreise am Dienstag den 28. April 2026 ab 13:00<\/span><\/label><\/span><span class=\"wpcf7-list-item\"><label><input type=\"radio\" name=\"arrival\" value=\"Fr\u00fchanreise am Mittwoch den 29. April 2026 ab 13:00\" \/><span class=\"wpcf7-list-item-label\">Fr\u00fchanreise am Mittwoch den 29. April 2026 ab 13:00<\/span><\/label><\/span><span class=\"wpcf7-list-item last\"><label><input type=\"radio\" name=\"arrival\" value=\"Regul\u00e4re Anreise am Donnerstag den 30. April 2026 ab 13:00\" \/><span class=\"wpcf7-list-item-label\">Regul\u00e4re Anreise am Donnerstag den 30. April 2026 ab 13:00<\/span><\/label><\/span><\/span><\/span>\n<\/p>\n<p><label> <b>Titel<\/b><br \/>\n<span class=\"wpcf7-form-control-wrap\" data-name=\"title\"><input size=\"40\" maxlength=\"400\" class=\"wpcf7-form-control wpcf7-text\" aria-invalid=\"false\" value=\"\" type=\"text\" name=\"title\" \/><\/span> <\/label>\n<\/p>\n<p><label> <b>Nachname *<\/b><br \/>\n<span class=\"wpcf7-form-control-wrap\" data-name=\"lastname\"><input size=\"40\" maxlength=\"400\" class=\"wpcf7-form-control wpcf7-text wpcf7-validates-as-required\" aria-required=\"true\" aria-invalid=\"false\" value=\"\" type=\"text\" name=\"lastname\" \/><\/span> <\/label>\n<\/p>\n<p><label> <b>Vorname *<\/b><br \/>\n<span class=\"wpcf7-form-control-wrap\" data-name=\"firstname\"><input size=\"40\" maxlength=\"400\" class=\"wpcf7-form-control wpcf7-text wpcf7-validates-as-required\" aria-required=\"true\" aria-invalid=\"false\" value=\"\" type=\"text\" name=\"firstname\" \/><\/span> <\/label>\n<\/p>\n<p><label> <b>Geburtsdatum *<\/b><br \/>\nBei unter 16 J\u00e4hrigen wird eine Aufsichtsperson ben\u00f6tigt.<br \/>\nBei 16 bis 18 J\u00e4hrigen wird die Zustimmung der Erziehungsberechtigten ben\u00f6tigt.<br \/>\n(entsprechende Formulare folgen bei Anmeldung)<br \/>\n<span class=\"wpcf7-form-control-wrap\" data-name=\"birthdate\"><input class=\"wpcf7-form-control wpcf7-date wpcf7-validates-as-required wpcf7-validates-as-date\" aria-required=\"true\" aria-invalid=\"false\" value=\"TT.MM.YYYY\" type=\"date\" name=\"birthdate\" \/><\/span> <\/label>\n<\/p>\n<p><label> <b>E-Mail-Adresse *<\/b><br \/>\n<span class=\"wpcf7-form-control-wrap\" data-name=\"email\"><input size=\"40\" maxlength=\"400\" class=\"wpcf7-form-control wpcf7-email wpcf7-validates-as-required wpcf7-text wpcf7-validates-as-email\" aria-required=\"true\" aria-invalid=\"false\" value=\"\" type=\"email\" name=\"email\" \/><\/span> <\/label>\n<\/p>\n<p><label style=\"float: left;\"> <b>Vorwahl<\/b><br \/>\n<span class=\"wpcf7-form-control-wrap\" data-name=\"phoneprefix\"><select class=\"wpcf7-form-control wpcf7-select\" aria-invalid=\"false\" name=\"phoneprefix\"><option value=\"+43\">+43<\/option><option value=\"+49\">+49<\/option><option value=\"+41\">+41<\/option><\/select><\/span> <\/label>\n<\/p>\n<p><label> <b>Telefon<\/b><br \/>\n<span class=\"wpcf7-form-control-wrap\" data-name=\"phone\"><input size=\"40\" maxlength=\"400\" class=\"wpcf7-form-control wpcf7-tel wpcf7-text wpcf7-validates-as-tel\" aria-invalid=\"false\" value=\"\" type=\"tel\" name=\"phone\" \/><\/span> <\/label>\n<\/p>\n<p><label> <b>Zusatzinfos<\/b><br \/>\n<span class=\"wpcf7-form-control-wrap\" data-name=\"additional-infos\"><span class=\"wpcf7-form-control wpcf7-checkbox\"><span class=\"wpcf7-list-item first last\"><label><input type=\"checkbox\" name=\"additional-infos[]\" value=\"Ich bin neu in Thrimor; bitte schickt mir zus\u00e4tzliche Infos.\" \/><span class=\"wpcf7-list-item-label\">Ich bin neu in Thrimor; bitte schickt mir zus\u00e4tzliche Infos.<\/span><\/label><\/span><\/span><\/span> <\/label>\n<\/p>\n<p><label> <b>Zus\u00e4tzliche Bemerkungen<\/b><br \/>\nWenn du m\u00f6chtest, kannst du uns hier auch \u00fcber Allergien, Unvertr\u00e4glichkeiten, Erkrankungen oder \u00e4hnliches informieren. Diese Informationen werden selbstverst\u00e4ndlich vertraulich behandelt.<br \/>\n<span class=\"wpcf7-form-control-wrap\" data-name=\"remarks\"><textarea cols=\"40\" rows=\"10\" maxlength=\"2000\" class=\"wpcf7-form-control wpcf7-textarea\" aria-invalid=\"false\" name=\"remarks\"><\/textarea><\/span> <\/label>\n<\/p>\n<p><span><b>* erforderlich<\/b><\/span>\n<\/p>\n<p><input class=\"wpcf7-form-control wpcf7-submit has-spinner\" type=\"submit\" value=\"Senden\" \/>\n<\/p><div class=\"wpcf7-response-output\" aria-hidden=\"true\"><\/div>\n<\/form>\n<\/div>\n<\/div>\n","protected":false},"excerpt":{"rendered":"<p>Dies ist eine externe Veranstaltung.&nbsp; Auf zu neuen Ufern.&nbsp; Seine Grafschaft&nbsp;Folken&nbsp;Tirell&nbsp;Thrimos&nbsp;hat entschieden,&nbsp;eine Expedition nach&nbsp;Moringaard&nbsp;zu senden. Diese soll eine&nbsp;Erkundung durchf\u00fchren und mit Informationen \u00fcber dieses unbekannte Land zur\u00fcckkehren.&nbsp;Wir wissen, dass&nbsp;sie seit jeher gegen Untote und Orks k\u00e4mpfen. Der Feind unseres Feindes ist unser Freund? Wir werden sehen.&nbsp; Durchgef\u00fchrt wird diese Expedition wie \u00fcblich von der 1.Kompanie [&hellip;]<\/p>\n","protected":false},"author":1,"featured_media":0,"parent":85,"menu_order":63,"comment_status":"closed","ping_status":"closed","template":"","meta":{"om_disable_all_campaigns":false,"footnotes":""},"class_list":["post-1691","page","type-page","status-publish","hentry"],"yoast_head":"<!-- This site is optimized with the Yoast SEO plugin v26.1.1 - https:\/\/yoast.com\/wordpress\/plugins\/seo\/ -->\n<title>Moringaard\u00a026.1 - Thrimorer Garde<\/title>\n<meta name=\"robots\" content=\"index, follow, max-snippet:-1, max-image-preview:large, max-video-preview:-1\" \/>\n<link rel=\"canonical\" href=\"https:\/\/www.thrimor.at\/index.php\/events\/moringaard-26-1\/\" \/>\n<meta property=\"og:locale\" content=\"de_DE\" \/>\n<meta property=\"og:type\" content=\"article\" \/>\n<meta property=\"og:title\" content=\"Moringaard\u00a026.1 - Thrimorer Garde\" \/>\n<meta property=\"og:description\" content=\"Dies ist eine externe Veranstaltung.&nbsp; Auf zu neuen Ufern.&nbsp; Seine Grafschaft&nbsp;Folken&nbsp;Tirell&nbsp;Thrimos&nbsp;hat entschieden,&nbsp;eine Expedition nach&nbsp;Moringaard&nbsp;zu senden. Diese soll eine&nbsp;Erkundung durchf\u00fchren und mit Informationen \u00fcber dieses unbekannte Land zur\u00fcckkehren.&nbsp;Wir wissen, dass&nbsp;sie seit jeher gegen Untote und Orks k\u00e4mpfen. Der Feind unseres Feindes ist unser Freund? Wir werden sehen.&nbsp; Durchgef\u00fchrt wird diese Expedition wie \u00fcblich von der 1.Kompanie [&hellip;]\" \/>\n<meta property=\"og:url\" content=\"https:\/\/www.thrimor.at\/index.php\/events\/moringaard-26-1\/\" \/>\n<meta property=\"og:site_name\" content=\"Thrimorer Garde\" \/>\n<meta property=\"article:modified_time\" content=\"2026-01-26T19:53:56+00:00\" \/>\n<meta property=\"og:image\" content=\"https:\/\/www.thrimor.at\/wp-content\/uploads\/2026\/01\/moringard.png\" \/>\n\t<meta property=\"og:image:width\" content=\"2481\" \/>\n\t<meta property=\"og:image:height\" content=\"1749\" \/>\n\t<meta property=\"og:image:type\" content=\"image\/png\" \/>\n<meta name=\"twitter:card\" content=\"summary_large_image\" \/>\n<meta name=\"twitter:label1\" content=\"Gesch\u00e4tzte Lesezeit\" \/>\n\t<meta name=\"twitter:data1\" content=\"3\u00a0Minuten\" \/>\n<script type=\"application\/ld+json\" class=\"yoast-schema-graph\">{\"@context\":\"https:\/\/schema.org\",\"@graph\":[{\"@type\":\"WebPage\",\"@id\":\"https:\/\/www.thrimor.at\/index.php\/events\/moringaard-26-1\/\",\"url\":\"https:\/\/www.thrimor.at\/index.php\/events\/moringaard-26-1\/\",\"name\":\"Moringaard\u00a026.1 - Thrimorer Garde\",\"isPartOf\":{\"@id\":\"https:\/\/www.thrimor.at\/#website\"},\"primaryImageOfPage\":{\"@id\":\"https:\/\/www.thrimor.at\/index.php\/events\/moringaard-26-1\/#primaryimage\"},\"image\":{\"@id\":\"https:\/\/www.thrimor.at\/index.php\/events\/moringaard-26-1\/#primaryimage\"},\"thumbnailUrl\":\"https:\/\/www.thrimor.at\/wp-content\/uploads\/2026\/01\/moringard-1024x722.png\",\"datePublished\":\"2026-01-09T11:45:33+00:00\",\"dateModified\":\"2026-01-26T19:53:56+00:00\",\"breadcrumb\":{\"@id\":\"https:\/\/www.thrimor.at\/index.php\/events\/moringaard-26-1\/#breadcrumb\"},\"inLanguage\":\"de\",\"potentialAction\":[{\"@type\":\"ReadAction\",\"target\":[\"https:\/\/www.thrimor.at\/index.php\/events\/moringaard-26-1\/\"]}]},{\"@type\":\"ImageObject\",\"inLanguage\":\"de\",\"@id\":\"https:\/\/www.thrimor.at\/index.php\/events\/moringaard-26-1\/#primaryimage\",\"url\":\"https:\/\/www.thrimor.at\/wp-content\/uploads\/2026\/01\/moringard.png\",\"contentUrl\":\"https:\/\/www.thrimor.at\/wp-content\/uploads\/2026\/01\/moringard.png\",\"width\":2481,\"height\":1749},{\"@type\":\"BreadcrumbList\",\"@id\":\"https:\/\/www.thrimor.at\/index.php\/events\/moringaard-26-1\/#breadcrumb\",\"itemListElement\":[{\"@type\":\"ListItem\",\"position\":1,\"name\":\"Home\",\"item\":\"https:\/\/www.thrimor.at\/\"},{\"@type\":\"ListItem\",\"position\":2,\"name\":\"Events\",\"item\":\"https:\/\/www.thrimor.at\/index.php\/events\/\"},{\"@type\":\"ListItem\",\"position\":3,\"name\":\"Moringaard\u00a026.1\"}]},{\"@type\":\"WebSite\",\"@id\":\"https:\/\/www.thrimor.at\/#website\",\"url\":\"https:\/\/www.thrimor.at\/\",\"name\":\"Thrimorer Garde\",\"description\":\"Eine engagierte LARP-Community aus Salzburg\",\"potentialAction\":[{\"@type\":\"SearchAction\",\"target\":{\"@type\":\"EntryPoint\",\"urlTemplate\":\"https:\/\/www.thrimor.at\/?s={search_term_string}\"},\"query-input\":{\"@type\":\"PropertyValueSpecification\",\"valueRequired\":true,\"valueName\":\"search_term_string\"}}],\"inLanguage\":\"de\"}]}<\/script>\n<!-- \/ Yoast SEO plugin. -->","yoast_head_json":{"title":"Moringaard\u00a026.1 - Thrimorer Garde","robots":{"index":"index","follow":"follow","max-snippet":"max-snippet:-1","max-image-preview":"max-image-preview:large","max-video-preview":"max-video-preview:-1"},"canonical":"https:\/\/www.thrimor.at\/index.php\/events\/moringaard-26-1\/","og_locale":"de_DE","og_type":"article","og_title":"Moringaard\u00a026.1 - Thrimorer Garde","og_description":"Dies ist eine externe Veranstaltung.&nbsp; Auf zu neuen Ufern.&nbsp; Seine Grafschaft&nbsp;Folken&nbsp;Tirell&nbsp;Thrimos&nbsp;hat entschieden,&nbsp;eine Expedition nach&nbsp;Moringaard&nbsp;zu senden. Diese soll eine&nbsp;Erkundung durchf\u00fchren und mit Informationen \u00fcber dieses unbekannte Land zur\u00fcckkehren.&nbsp;Wir wissen, dass&nbsp;sie seit jeher gegen Untote und Orks k\u00e4mpfen. Der Feind unseres Feindes ist unser Freund? Wir werden sehen.&nbsp; Durchgef\u00fchrt wird diese Expedition wie \u00fcblich von der 1.Kompanie [&hellip;]","og_url":"https:\/\/www.thrimor.at\/index.php\/events\/moringaard-26-1\/","og_site_name":"Thrimorer Garde","article_modified_time":"2026-01-26T19:53:56+00:00","og_image":[{"width":2481,"height":1749,"url":"https:\/\/www.thrimor.at\/wp-content\/uploads\/2026\/01\/moringard.png","type":"image\/png"}],"twitter_card":"summary_large_image","twitter_misc":{"Gesch\u00e4tzte Lesezeit":"3\u00a0Minuten"},"schema":{"@context":"https:\/\/schema.org","@graph":[{"@type":"WebPage","@id":"https:\/\/www.thrimor.at\/index.php\/events\/moringaard-26-1\/","url":"https:\/\/www.thrimor.at\/index.php\/events\/moringaard-26-1\/","name":"Moringaard\u00a026.1 - Thrimorer Garde","isPartOf":{"@id":"https:\/\/www.thrimor.at\/#website"},"primaryImageOfPage":{"@id":"https:\/\/www.thrimor.at\/index.php\/events\/moringaard-26-1\/#primaryimage"},"image":{"@id":"https:\/\/www.thrimor.at\/index.php\/events\/moringaard-26-1\/#primaryimage"},"thumbnailUrl":"https:\/\/www.thrimor.at\/wp-content\/uploads\/2026\/01\/moringard-1024x722.png","datePublished":"2026-01-09T11:45:33+00:00","dateModified":"2026-01-26T19:53:56+00:00","breadcrumb":{"@id":"https:\/\/www.thrimor.at\/index.php\/events\/moringaard-26-1\/#breadcrumb"},"inLanguage":"de","potentialAction":[{"@type":"ReadAction","target":["https:\/\/www.thrimor.at\/index.php\/events\/moringaard-26-1\/"]}]},{"@type":"ImageObject","inLanguage":"de","@id":"https:\/\/www.thrimor.at\/index.php\/events\/moringaard-26-1\/#primaryimage","url":"https:\/\/www.thrimor.at\/wp-content\/uploads\/2026\/01\/moringard.png","contentUrl":"https:\/\/www.thrimor.at\/wp-content\/uploads\/2026\/01\/moringard.png","width":2481,"height":1749},{"@type":"BreadcrumbList","@id":"https:\/\/www.thrimor.at\/index.php\/events\/moringaard-26-1\/#breadcrumb","itemListElement":[{"@type":"ListItem","position":1,"name":"Home","item":"https:\/\/www.thrimor.at\/"},{"@type":"ListItem","position":2,"name":"Events","item":"https:\/\/www.thrimor.at\/index.php\/events\/"},{"@type":"ListItem","position":3,"name":"Moringaard\u00a026.1"}]},{"@type":"WebSite","@id":"https:\/\/www.thrimor.at\/#website","url":"https:\/\/www.thrimor.at\/","name":"Thrimorer Garde","description":"Eine engagierte LARP-Community aus Salzburg","potentialAction":[{"@type":"SearchAction","target":{"@type":"EntryPoint","urlTemplate":"https:\/\/www.thrimor.at\/?s={search_term_string}"},"query-input":{"@type":"PropertyValueSpecification","valueRequired":true,"valueName":"search_term_string"}}],"inLanguage":"de"}]}},"jetpack_sharing_enabled":true,"_links":{"self":[{"href":"https:\/\/www.thrimor.at\/index.php\/wp-json\/wp\/v2\/pages\/1691","targetHints":{"allow":["GET"]}}],"collection":[{"href":"https:\/\/www.thrimor.at\/index.php\/wp-json\/wp\/v2\/pages"}],"about":[{"href":"https:\/\/www.thrimor.at\/index.php\/wp-json\/wp\/v2\/types\/page"}],"author":[{"embeddable":true,"href":"https:\/\/www.thrimor.at\/index.php\/wp-json\/wp\/v2\/users\/1"}],"replies":[{"embeddable":true,"href":"https:\/\/www.thrimor.at\/index.php\/wp-json\/wp\/v2\/comments?post=1691"}],"version-history":[{"count":5,"href":"https:\/\/www.thrimor.at\/index.php\/wp-json\/wp\/v2\/pages\/1691\/revisions"}],"predecessor-version":[{"id":1725,"href":"https:\/\/www.thrimor.at\/index.php\/wp-json\/wp\/v2\/pages\/1691\/revisions\/1725"}],"up":[{"embeddable":true,"href":"https:\/\/www.thrimor.at\/index.php\/wp-json\/wp\/v2\/pages\/85"}],"wp:attachment":[{"href":"https:\/\/www.thrimor.at\/index.php\/wp-json\/wp\/v2\/media?parent=1691"}],"curies":[{"name":"wp","href":"https:\/\/api.w.org\/{rel}","templated":true}]}}