{"id":2,"date":"2020-04-22T16:05:51","date_gmt":"2020-04-22T16:05:51","guid":{"rendered":"https:\/\/relaunch2.thrimor.at\/?page_id=2"},"modified":"2024-04-01T08:48:35","modified_gmt":"2024-04-01T06:48:35","slug":"was-ist-larp","status":"publish","type":"page","link":"https:\/\/www.thrimor.at\/index.php\/was-ist\/was-ist-larp\/","title":{"rendered":"LARP"},"content":{"rendered":"\n<h2 class=\"wp-block-heading\">Lieber Besucher,<\/h2>\n\n\n\n<figure class=\"wp-block-image size-large\"><img loading=\"lazy\" decoding=\"async\" width=\"1000\" height=\"667\" src=\"https:\/\/www.thrimor.at\/wp-content\/uploads\/2021\/06\/MG_1404.jpg\" alt=\"\" class=\"wp-image-448\" srcset=\"https:\/\/www.thrimor.at\/wp-content\/uploads\/2021\/06\/MG_1404.jpg 1000w, https:\/\/www.thrimor.at\/wp-content\/uploads\/2021\/06\/MG_1404-300x200.jpg 300w, https:\/\/www.thrimor.at\/wp-content\/uploads\/2021\/06\/MG_1404-768x512.jpg 768w\" sizes=\"auto, (max-width: 1000px) 100vw, 1000px\" \/><figcaption class=\"wp-element-caption\"><strong>Beim Wacheschieben &#8230;<\/strong>&nbsp;<\/figcaption><\/figure>\n\n\n\n<p>Bevor ich mich in langen Erkl\u00e4rungen verliere, m\u00f6chte ich dir von einer wahren Begebenheit erz\u00e4hlen:<br>Es ist Nacht geworden. Der Mond steht blutrot und riesig \u00fcber dem Waldrand. Die B\u00e4ume bilden einen scharfen Kontrast: schwarz gegen den letzten hellen Schein am Horizont, \u00fcber dem schon die ersten Sterne leuchten.<\/p>\n\n\n\n<p>Du stehst auf einem kleinen, h\u00f6lzernen Wachturm direkt am Tor. Neben dir zieht sich eine grob zusammengezimmerte Holzpalisade bis zum Waldrand, wo sie einen Knick macht, um am Wald entlang zu verlaufen. Du blickst auf das gesch\u00fctzte Lager, bestehend aus Leinenzelten, in denen deine Kameraden friedlich schlummern. Ein Rest Glut in einer Feuerschale im Zentrum erinnert an das gesellige Zusammensitzen und Essen vor wenigen Stunden.<\/p>\n\n\n\n<p>Pflichtgetreu schweift dein Blick \u00fcber das Lager. Es ist alles ruhig. So soll es sein. Du wendest dich wieder um. Dabei st\u00f6\u00dft die kalte Breitseite deines Schwerts leicht gegen dein Bein, deine Hand lehnt auf deinem Bogen. Dein Blick schweift \u00fcber Hunderte von Zelten. Soldaten aus aller Herren L\u00e4nder, S\u00f6ldner und Gl\u00fccksritter, die dem Hilferuf gefolgt sind. Mit ihnen kamen H\u00e4ndler, Schausteller, Spielmannsleute und viele andere, die auf schnelles Geld oder Abenteuer aus sind und nun einen buntes Kollektiv aus Zelten, Kochstellen und Sonnensegeln bilden. Kein anderes Lager hat Wachen oder gar Palisaden.<\/p>\n\n\n\n<p>Es ist vollkommen ruhig. Ein leichter Luftzug bringt dich trotz der lauen Sommernacht zum Fr\u00f6steln und du ziehst deinen Wollmantel enger um den K\u00f6rper. Leises Gel\u00e4chter und Musik aus der \u00f6rtlichen Taverne vermischen sich mit den Ger\u00e4uschen der Nacht. Alle anderen scheinen schon schlafen gegangen zu sein, aber in der Taverne gibt es immer ein paar Hartgesottene, die sich nicht um die Gefahr k\u00fcmmern und bis in die Morgenstunden feiern.<\/p>\n\n\n\n<p>Du \u00fcberlegst, ob du deine Abl\u00f6se wecken sollst, als du pl\u00f6tzlich leises Rascheln aus dem Wald h\u00f6rst, gefolgt von einem langgezogenem \u201eAAAUUUUUUUUUUUUUUUUU\u201c Der Ruf scheint nicht enden zu wollen und geht dir durch Mark und Bein. Du bist in Schockstarre. Unf\u00e4hig dich zu bewegen, schie\u00dfen dir tausend Gedanken durch den Kopf: \u201eNiemand wusste etwas von Werw\u00f6lfen!\u201c \u201eDas kann gar nicht sein!\u201c \u201eIch muss die anderen wecken!\u201c Unf\u00e4hig zu handeln stehst du da, als es im Geb\u00fcsch neben der Palisade erneut raschelt und kracht. Etwas Gro\u00dfes bahnt sich seinen Weg hinaus.<\/p>\n\n\n\n<p>\u201eTU WAS!!!\u201c, denkst du noch.<\/p>\n\n\n\n<p>Endlich l\u00f6st sich deine Starre. Wie automatisiert greifen deine H\u00e4nde zu Bogen und K\u00f6cher, w\u00e4hrend sich deine Lungen mit Luft f\u00fcllen. Dein gellender Alarmschrei rei\u00dft deine Kameraden aus dem Schlaf, w\u00e4hrend du die Bogensehne zum Mundwinkel ziehst, ins Dunkel visierst und losl\u00e4sst \u2026<\/p>\n\n\n\n<figure class=\"wp-block-image size-large\"><img loading=\"lazy\" decoding=\"async\" width=\"1024\" height=\"683\" src=\"https:\/\/www.thrimor.at\/wp-content\/uploads\/2022\/02\/Fe-1024x683.jpg\" alt=\"\" class=\"wp-image-901\" srcset=\"https:\/\/www.thrimor.at\/wp-content\/uploads\/2022\/02\/Fe-1024x683.jpg 1024w, https:\/\/www.thrimor.at\/wp-content\/uploads\/2022\/02\/Fe-300x200.jpg 300w, https:\/\/www.thrimor.at\/wp-content\/uploads\/2022\/02\/Fe-768x512.jpg 768w, https:\/\/www.thrimor.at\/wp-content\/uploads\/2022\/02\/Fe.jpg 1404w\" sizes=\"auto, (max-width: 1024px) 100vw, 1024px\" \/><\/figure>\n\n\n\n<p><strong>Willkommen auf einem LARP!<\/strong><\/p>\n\n\n\n<p>LARP steht f\u00fcr Live-Action-Role-Playing. Wir betreiben Rollenspiel, sozusagen Theater, nur ohne Publikum und ohne Drehbuch. Du spielst einen fiktiven Charakter, der bestimmte F\u00e4higkeiten hat, manches sehr gerne hat und manches sehr gerne tut. Aber genauso gibt es Sachen, die er nicht kann, Sachen, die er gar nicht mag und manches, das er auf den Tod nicht ausstehen kann oder f\u00fcrchtet.<\/p>\n\n\n\n<p>Auf solch einem LARP werden du und dein Charakter mit solchen Situationen konfrontiert (z.B.: Gespr\u00e4che mit Mitspielern, Quests, Abenteuer und Schlachten). Nun ist es an dir, deinem Charakter und seinen F\u00e4higkeiten entsprechend zu reagieren.<\/p>\n\n\n\n<p>Um das Ganze plastischer zu gestalten, schl\u00fcpfen wir in Kost\u00fcme, gehen dazu an passende Orte und versuchen m\u00f6glichst in das Spiel einzutauchen bzw. darin aufzugehen. Nat\u00fcrlich&nbsp; wird aber immer auch auf die Sicherheit der Spieler geachtet. Anstatt mit Stahlschwertern ficht man zum Beispiel mit speziellen Polsterwaffen.<\/p>\n\n\n\n<p>Desto besser das Rollenspiel, die Interaktion mit anderen Mitspielern und der Umgebung ist, desto h\u00f6her ist die Immersion.<\/p>\n\n\n\n<p>LARPs gibt es in verschiedenen Genres. Die meisten (auch wir) spielen im Genre Fantasy. Dar\u00fcber hinaus gibt es noch Vampire-, Endzeit-, SciFi-LARPs und viele mehr.<\/p>\n\n\n\n<p>Kleinere Veranstaltungen beginnen bei 5-10 Leuten im Freundeskreis und dauern nur einen Abend. Wenn wir die Veranstalter sind, dann spielen sie immer in der fiktiven Welt&nbsp;<a href=\"https:\/\/www.thrimor.at\/index.php\/hintergruende-it\/einfuehrung\/\">Thrimor<\/a>. Die gr\u00f6\u00dften Veranstaltungen im deutschsprachigen Raum sind das \u201e<a href=\"http:\/\/www.drachenfest-larp.info\/\" target=\"_blank\" rel=\"noreferrer noopener\">Drachenfest<\/a>\u201c und \u201e<a href=\"http:\/\/www.live-adventure.de\/\" target=\"_blank\" rel=\"noreferrer noopener\">Conquest of Mythodea<\/a>\u201c, das letztes Jahr etwa 12.000 Teilnehmer hatte und fast eine Woche dauerte. Dazwischen gibt es alle Gr\u00f6\u00dfen und Variationen, also etwas f\u00fcr fast jeden Geschmack<\/p>\n\n\n\n<p>Es gibt zahlreiche Aspekte, die LARP als Hobby attraktiv machen:<\/p>\n\n\n\n<p>Die Gemeinschaft: LARP funktioniert nur, wenn man miteinander spielt. Auch wenn es verschiedene Seiten gibt (Gut &amp; B\u00f6se), interagierst du auch mit deinen Gegnern. Das macht nur Spa\u00df, wenn alle miteinander spielen. Mir ist auf einem LARP noch nie jemand begegnet, mit dem ich nicht ausgekommen w\u00e4re. Ich rede hier nicht von seinem Charakter (Da gibt es mehrere, die mein Charakter nicht leiden kann!), sondern von dem Spieler hinter dem Charakter. Dadurch bilden sich Freundschaften mit Leuten aus anderen St\u00e4dten, Regionen und L\u00e4ndern, die man sonst nie getroffen h\u00e4tte.<\/p>\n\n\n\n<p>Die Immersion: Die Illusion anderer Welten, detailreiche Kost\u00fcme, fantastische Wesen, beeindruckende Lager und Bauten. Filme, Theater, B\u00fccher, ja sogar die eigene Fantasie verblasst manchmal gegen die \u00fcberw\u00e4ltigenden Eindr\u00fccke, die man sammelt, wenn man mittendrin steckt und in diese Welt eintaucht.<\/p>\n\n\n\n<p>Das Spiel mit der Gesellschaft: Ich bin sicher, du bist ein toller, liebensw\u00fcrdiger sympathischer Mensch, der von allen Freunden gesch\u00e4tzt wird. Aber du wolltest schon immer mal wissen, wie die Umwelt auf dich reagiert, wenn du pl\u00f6tzlich ganz andere Charakterz\u00fcge hast? Zum Beispiel ein charmanter H\u00e4ndler, den alle m\u00f6gen, der aber im Hintergrund Intrigen spinnt? Probiere es aus! Du kannst auch andere Rassen, Kulturen und Religionen spielen. Egal ob Bauer, Handwerker, Magier oder Adeliger. Grenzen werden hier fast nur durch deine eigene Fantasie gesetzt.<\/p>\n\n\n<div class=\"wp-block-image\">\n<figure class=\"aligncenter size-large\"><img loading=\"lazy\" decoding=\"async\" width=\"1024\" height=\"683\" src=\"https:\/\/www.thrimor.at\/wp-content\/uploads\/2021\/06\/MG_0013-1024x683.jpg\" alt=\"\" class=\"wp-image-449\" srcset=\"https:\/\/www.thrimor.at\/wp-content\/uploads\/2021\/06\/MG_0013-1024x683.jpg 1024w, https:\/\/www.thrimor.at\/wp-content\/uploads\/2021\/06\/MG_0013-300x200.jpg 300w, https:\/\/www.thrimor.at\/wp-content\/uploads\/2021\/06\/MG_0013-768x512.jpg 768w, https:\/\/www.thrimor.at\/wp-content\/uploads\/2021\/06\/MG_0013-1536x1024.jpg 1536w, https:\/\/www.thrimor.at\/wp-content\/uploads\/2021\/06\/MG_0013.jpg 1600w\" sizes=\"auto, (max-width: 1024px) 100vw, 1024px\" \/><figcaption class=\"wp-element-caption\"><strong>Auch Sterben kann Spa\u00df machen!<\/strong>&nbsp;<\/figcaption><\/figure><\/div>\n\n\n<p>Feiern, zubern, essen, trinken, Geschichten erz\u00e4hlen und h\u00f6ren, Heldentaten vollbringen, Schlachten schlagen, Lieder singen, lieben und leben. Aber genauso hassen, trauern, scheitern, verlieren, abgewiesen werden, verwundet werden (nat\u00fcrlich nur gespielt) und manchmal sogar selbst sterben (auch das nur gespielt!) geh\u00f6ren dazu. Viele dieser Erfahrungen kann man nur auf einem LARP vorurteilsfrei und ohne reale Konsequenzen erleben.<\/p>\n\n\n\n<p>Es gibt hier noch unz\u00e4hlige anderer Aspekte, die das Hobby LARP so lobens-, liebens- und lebenswert machen. Nicht umsonst gibt es mittlerweile zahlreiche wissenschaftliche Abhandlungen zu diesem Thema und auch in vielen Ausbildungen (z.B.: Lehrer, Verk\u00e4ufer, \u00c4rzte, Pfleger, \u2026) sind kleine Rollenspiele nicht wegzudenken. In D\u00e4nemark gibt es gar eine&nbsp;<a href=\"http:\/\/osterskov.dk\/\" target=\"_blank\" rel=\"noreferrer noopener\">Schule<\/a>, die ihren gesamten Unterrichtsstoff ausschlie\u00dflich mittels LARP vermittelt.<\/p>\n\n\n\n<p>Man kann LARP von vielen Seiten beleuchten, sich informieren, Geschichten erz\u00e4hlen lassen und auch&nbsp;<a href=\"http:\/\/de.wikipedia.org\/wiki\/Live_Action_Role_Playing\" target=\"_blank\" rel=\"noreferrer noopener\">Wikipedia&nbsp;<\/a>hat einen guten, wenn auch sehr sachlichen Artikel. Es gibt auch ein eigenes&nbsp;<a href=\"http:\/\/www.larpwiki.de\/LARP\" target=\"_blank\" rel=\"noreferrer noopener\">LARP-Wiki<\/a>&nbsp;mit einer sehr guten Beschreibung. Aber es live zu erleben ist unvergleichlich! Habe ich euer Interesse geweckt? Dann meldet euch und probiert es aus! Ich hoffe wir lernen uns bald kennen und wer wei\u00df, vielleicht stehen wir dann gemeinsam Wache \u2026<\/p>\n","protected":false},"excerpt":{"rendered":"<p>Lieber Besucher, Bevor ich mich in langen Erkl\u00e4rungen verliere, m\u00f6chte ich dir von einer wahren Begebenheit erz\u00e4hlen:Es ist Nacht geworden. Der Mond steht blutrot und riesig \u00fcber dem Waldrand. Die B\u00e4ume bilden einen scharfen Kontrast: schwarz gegen den letzten hellen Schein am Horizont, \u00fcber dem schon die ersten Sterne leuchten. Du stehst auf einem kleinen, [&hellip;]<\/p>\n","protected":false},"author":1,"featured_media":0,"parent":87,"menu_order":1,"comment_status":"closed","ping_status":"closed","template":"","meta":{"om_disable_all_campaigns":false,"footnotes":""},"class_list":["post-2","page","type-page","status-publish","hentry"],"yoast_head":"<!-- This site is optimized with the Yoast SEO plugin v26.1.1 - https:\/\/yoast.com\/wordpress\/plugins\/seo\/ -->\n<title>LARP - Thrimorer Garde<\/title>\n<meta name=\"robots\" content=\"index, follow, max-snippet:-1, max-image-preview:large, max-video-preview:-1\" \/>\n<link rel=\"canonical\" href=\"https:\/\/www.thrimor.at\/index.php\/was-ist\/was-ist-larp\/\" \/>\n<meta property=\"og:locale\" content=\"de_DE\" \/>\n<meta property=\"og:type\" content=\"article\" \/>\n<meta property=\"og:title\" content=\"LARP - Thrimorer Garde\" \/>\n<meta property=\"og:description\" content=\"Lieber Besucher, Bevor ich mich in langen Erkl\u00e4rungen verliere, m\u00f6chte ich dir von einer wahren Begebenheit erz\u00e4hlen:Es ist Nacht geworden. Der Mond steht blutrot und riesig \u00fcber dem Waldrand. Die B\u00e4ume bilden einen scharfen Kontrast: schwarz gegen den letzten hellen Schein am Horizont, \u00fcber dem schon die ersten Sterne leuchten. Du stehst auf einem kleinen, [&hellip;]\" \/>\n<meta property=\"og:url\" content=\"https:\/\/www.thrimor.at\/index.php\/was-ist\/was-ist-larp\/\" \/>\n<meta property=\"og:site_name\" content=\"Thrimorer Garde\" \/>\n<meta property=\"article:modified_time\" content=\"2024-04-01T06:48:35+00:00\" \/>\n<meta property=\"og:image\" content=\"https:\/\/www.thrimor.at\/wp-content\/uploads\/2021\/06\/MG_1404.jpg\" \/>\n<meta name=\"twitter:card\" content=\"summary_large_image\" \/>\n<meta name=\"twitter:label1\" content=\"Gesch\u00e4tzte Lesezeit\" \/>\n\t<meta name=\"twitter:data1\" content=\"7\u00a0Minuten\" \/>\n<script type=\"application\/ld+json\" class=\"yoast-schema-graph\">{\"@context\":\"https:\/\/schema.org\",\"@graph\":[{\"@type\":\"WebPage\",\"@id\":\"https:\/\/www.thrimor.at\/index.php\/was-ist\/was-ist-larp\/\",\"url\":\"https:\/\/www.thrimor.at\/index.php\/was-ist\/was-ist-larp\/\",\"name\":\"LARP - Thrimorer Garde\",\"isPartOf\":{\"@id\":\"https:\/\/www.thrimor.at\/#website\"},\"primaryImageOfPage\":{\"@id\":\"https:\/\/www.thrimor.at\/index.php\/was-ist\/was-ist-larp\/#primaryimage\"},\"image\":{\"@id\":\"https:\/\/www.thrimor.at\/index.php\/was-ist\/was-ist-larp\/#primaryimage\"},\"thumbnailUrl\":\"https:\/\/www.thrimor.at\/wp-content\/uploads\/2021\/06\/MG_1404.jpg\",\"datePublished\":\"2020-04-22T16:05:51+00:00\",\"dateModified\":\"2024-04-01T06:48:35+00:00\",\"breadcrumb\":{\"@id\":\"https:\/\/www.thrimor.at\/index.php\/was-ist\/was-ist-larp\/#breadcrumb\"},\"inLanguage\":\"de\",\"potentialAction\":[{\"@type\":\"ReadAction\",\"target\":[\"https:\/\/www.thrimor.at\/index.php\/was-ist\/was-ist-larp\/\"]}]},{\"@type\":\"ImageObject\",\"inLanguage\":\"de\",\"@id\":\"https:\/\/www.thrimor.at\/index.php\/was-ist\/was-ist-larp\/#primaryimage\",\"url\":\"https:\/\/www.thrimor.at\/wp-content\/uploads\/2021\/06\/MG_1404.jpg\",\"contentUrl\":\"https:\/\/www.thrimor.at\/wp-content\/uploads\/2021\/06\/MG_1404.jpg\",\"width\":1000,\"height\":667},{\"@type\":\"BreadcrumbList\",\"@id\":\"https:\/\/www.thrimor.at\/index.php\/was-ist\/was-ist-larp\/#breadcrumb\",\"itemListElement\":[{\"@type\":\"ListItem\",\"position\":1,\"name\":\"Home\",\"item\":\"https:\/\/www.thrimor.at\/\"},{\"@type\":\"ListItem\",\"position\":2,\"name\":\"Was ist &#8230;\",\"item\":\"https:\/\/www.thrimor.at\/index.php\/was-ist\/\"},{\"@type\":\"ListItem\",\"position\":3,\"name\":\"LARP\"}]},{\"@type\":\"WebSite\",\"@id\":\"https:\/\/www.thrimor.at\/#website\",\"url\":\"https:\/\/www.thrimor.at\/\",\"name\":\"Thrimorer Garde\",\"description\":\"Eine engagierte LARP-Community aus Salzburg\",\"potentialAction\":[{\"@type\":\"SearchAction\",\"target\":{\"@type\":\"EntryPoint\",\"urlTemplate\":\"https:\/\/www.thrimor.at\/?s={search_term_string}\"},\"query-input\":{\"@type\":\"PropertyValueSpecification\",\"valueRequired\":true,\"valueName\":\"search_term_string\"}}],\"inLanguage\":\"de\"}]}<\/script>\n<!-- \/ Yoast SEO plugin. -->","yoast_head_json":{"title":"LARP - Thrimorer Garde","robots":{"index":"index","follow":"follow","max-snippet":"max-snippet:-1","max-image-preview":"max-image-preview:large","max-video-preview":"max-video-preview:-1"},"canonical":"https:\/\/www.thrimor.at\/index.php\/was-ist\/was-ist-larp\/","og_locale":"de_DE","og_type":"article","og_title":"LARP - Thrimorer Garde","og_description":"Lieber Besucher, Bevor ich mich in langen Erkl\u00e4rungen verliere, m\u00f6chte ich dir von einer wahren Begebenheit erz\u00e4hlen:Es ist Nacht geworden. Der Mond steht blutrot und riesig \u00fcber dem Waldrand. Die B\u00e4ume bilden einen scharfen Kontrast: schwarz gegen den letzten hellen Schein am Horizont, \u00fcber dem schon die ersten Sterne leuchten. Du stehst auf einem kleinen, [&hellip;]","og_url":"https:\/\/www.thrimor.at\/index.php\/was-ist\/was-ist-larp\/","og_site_name":"Thrimorer Garde","article_modified_time":"2024-04-01T06:48:35+00:00","og_image":[{"url":"https:\/\/www.thrimor.at\/wp-content\/uploads\/2021\/06\/MG_1404.jpg","type":"","width":"","height":""}],"twitter_card":"summary_large_image","twitter_misc":{"Gesch\u00e4tzte Lesezeit":"7\u00a0Minuten"},"schema":{"@context":"https:\/\/schema.org","@graph":[{"@type":"WebPage","@id":"https:\/\/www.thrimor.at\/index.php\/was-ist\/was-ist-larp\/","url":"https:\/\/www.thrimor.at\/index.php\/was-ist\/was-ist-larp\/","name":"LARP - Thrimorer Garde","isPartOf":{"@id":"https:\/\/www.thrimor.at\/#website"},"primaryImageOfPage":{"@id":"https:\/\/www.thrimor.at\/index.php\/was-ist\/was-ist-larp\/#primaryimage"},"image":{"@id":"https:\/\/www.thrimor.at\/index.php\/was-ist\/was-ist-larp\/#primaryimage"},"thumbnailUrl":"https:\/\/www.thrimor.at\/wp-content\/uploads\/2021\/06\/MG_1404.jpg","datePublished":"2020-04-22T16:05:51+00:00","dateModified":"2024-04-01T06:48:35+00:00","breadcrumb":{"@id":"https:\/\/www.thrimor.at\/index.php\/was-ist\/was-ist-larp\/#breadcrumb"},"inLanguage":"de","potentialAction":[{"@type":"ReadAction","target":["https:\/\/www.thrimor.at\/index.php\/was-ist\/was-ist-larp\/"]}]},{"@type":"ImageObject","inLanguage":"de","@id":"https:\/\/www.thrimor.at\/index.php\/was-ist\/was-ist-larp\/#primaryimage","url":"https:\/\/www.thrimor.at\/wp-content\/uploads\/2021\/06\/MG_1404.jpg","contentUrl":"https:\/\/www.thrimor.at\/wp-content\/uploads\/2021\/06\/MG_1404.jpg","width":1000,"height":667},{"@type":"BreadcrumbList","@id":"https:\/\/www.thrimor.at\/index.php\/was-ist\/was-ist-larp\/#breadcrumb","itemListElement":[{"@type":"ListItem","position":1,"name":"Home","item":"https:\/\/www.thrimor.at\/"},{"@type":"ListItem","position":2,"name":"Was ist &#8230;","item":"https:\/\/www.thrimor.at\/index.php\/was-ist\/"},{"@type":"ListItem","position":3,"name":"LARP"}]},{"@type":"WebSite","@id":"https:\/\/www.thrimor.at\/#website","url":"https:\/\/www.thrimor.at\/","name":"Thrimorer Garde","description":"Eine engagierte LARP-Community aus Salzburg","potentialAction":[{"@type":"SearchAction","target":{"@type":"EntryPoint","urlTemplate":"https:\/\/www.thrimor.at\/?s={search_term_string}"},"query-input":{"@type":"PropertyValueSpecification","valueRequired":true,"valueName":"search_term_string"}}],"inLanguage":"de"}]}},"jetpack_sharing_enabled":true,"_links":{"self":[{"href":"https:\/\/www.thrimor.at\/index.php\/wp-json\/wp\/v2\/pages\/2","targetHints":{"allow":["GET"]}}],"collection":[{"href":"https:\/\/www.thrimor.at\/index.php\/wp-json\/wp\/v2\/pages"}],"about":[{"href":"https:\/\/www.thrimor.at\/index.php\/wp-json\/wp\/v2\/types\/page"}],"author":[{"embeddable":true,"href":"https:\/\/www.thrimor.at\/index.php\/wp-json\/wp\/v2\/users\/1"}],"replies":[{"embeddable":true,"href":"https:\/\/www.thrimor.at\/index.php\/wp-json\/wp\/v2\/comments?post=2"}],"version-history":[{"count":8,"href":"https:\/\/www.thrimor.at\/index.php\/wp-json\/wp\/v2\/pages\/2\/revisions"}],"predecessor-version":[{"id":1475,"href":"https:\/\/www.thrimor.at\/index.php\/wp-json\/wp\/v2\/pages\/2\/revisions\/1475"}],"up":[{"embeddable":true,"href":"https:\/\/www.thrimor.at\/index.php\/wp-json\/wp\/v2\/pages\/87"}],"wp:attachment":[{"href":"https:\/\/www.thrimor.at\/index.php\/wp-json\/wp\/v2\/media?parent=2"}],"curies":[{"name":"wp","href":"https:\/\/api.w.org\/{rel}","templated":true}]}}