{"id":20,"date":"2020-04-25T07:57:57","date_gmt":"2020-04-25T07:57:57","guid":{"rendered":"https:\/\/relaunch2.thrimor.at\/index.php\/ein-thrimorer\/"},"modified":"2025-04-07T14:14:14","modified_gmt":"2025-04-07T12:14:14","slug":"ein-thrimorer","status":"publish","type":"page","link":"https:\/\/www.thrimor.at\/index.php\/was-ist\/ein-thrimorer\/","title":{"rendered":"Ein Thrimorer"},"content":{"rendered":"\n<h1 class=\"wp-block-heading\">Thrimorer werden in f\u00fcnf Minuten<\/h1>\n\n\n\n<figure class=\"wp-block-image size-large\"><img loading=\"lazy\" decoding=\"async\" width=\"1024\" height=\"683\" src=\"https:\/\/www.thrimor.at\/wp-content\/uploads\/2021\/06\/TaverneFarunIII_03-1024x683.jpg\" alt=\"\" class=\"wp-image-454\" srcset=\"https:\/\/www.thrimor.at\/wp-content\/uploads\/2021\/06\/TaverneFarunIII_03-1024x683.jpg 1024w, https:\/\/www.thrimor.at\/wp-content\/uploads\/2021\/06\/TaverneFarunIII_03-300x200.jpg 300w, https:\/\/www.thrimor.at\/wp-content\/uploads\/2021\/06\/TaverneFarunIII_03-768x512.jpg 768w, https:\/\/www.thrimor.at\/wp-content\/uploads\/2021\/06\/TaverneFarunIII_03.jpg 1500w\" sizes=\"auto, (max-width: 1024px) 100vw, 1024px\" \/><\/figure>\n\n\n\n<p>Mehr Informationen zur Vereinsmitgliedschaft findet ihr unter: <a href=\"https:\/\/www.thrimor.at\/index.php\/die-thrimorer\/mitglied-werden\/\">Die Thrimorer &#8211; Mitglied werden<\/a><\/p>\n\n\n\n<p>Du m\u00f6chtest einen Thrimorer spielen, dich aber noch nicht in den ganzen Hintergrund einlesen? Los geht\u2019s!<\/p>\n\n\n\n<p>&#8211;&nbsp;&nbsp;&nbsp; Thrimorer lieben ihren <a href=\"https:\/\/www.thrimor.at\/index.php\/hintergruende-it\/politik\/\">Grafen <\/a>\u00fcber alles. Wann immer er erw\u00e4hnt wird, rufe laut: \u201eF\u00fcr den Grafen! Folken Tirell Thrimos!\u201c Das ist auch der \u00fcblichste Trinkspruch.<\/p>\n\n\n\n<p>&#8211;&nbsp;&nbsp;&nbsp; M\u00e4nner sind <a href=\"https:\/\/www.thrimor.at\/index.php\/hintergruende-it\/gesellschaft\/\">Frauen <\/a>vor dem Gesetz fast gleichgestellt. M\u00e4nner sind in erster Linie Arbeiter und Krieger, Gehorsam gilt als gro\u00dfe Tugend. Nachdenken, planen und lenken hingegen sind feminine T\u00e4tigkeiten. Die meisten Herrscher, Gener\u00e4le, Schreiber, etc. sind Frauen. Frauen genie\u00dfen in Thrimor gr\u00f6\u00dferen Respekt als M\u00e4nner.<\/p>\n\n\n\n<p>&#8211;&nbsp;&nbsp;&nbsp; Die Thrimorer ehren und respektieren ihre vier <a href=\"https:\/\/www.thrimor.at\/index.php\/hintergruende-it\/religionen\/\">G\u00f6tter<\/a>:<\/p>\n\n\n\n<ul class=\"wp-block-list\">\n<li>\u00a0Incendius, den Feuergott und Gott des Krieges und des Todes.<\/li>\n\n\n\n<li>\u00a0Reya, die Erdg\u00f6ttin, G\u00f6ttin des Schutzes und der Hilfe. Vor Schlachten fleht man sie um ihren Segen an, indem man ein bisschen Erde mit der linken Hand auf die Stirn presst.<\/li>\n\n\n\n<li>\u00a0Eras, den Luftgott, Gott der Reisenden, auch der Gott der Ehre und der Lebensf\u00fchrung.<\/li>\n\n\n\n<li>\u00a0Lyva, die Wasserg\u00f6ttin, G\u00f6ttin der Heilung und des Lebens.<\/li>\n\n\n\n<li>Daneben gibt es noch Shabbar, den Gott der Liebe, der aber in einer eigenen Religion verehrt wird.<\/li>\n<\/ul>\n\n\n\n<p>&#8211;&nbsp;&nbsp;&nbsp; Achte darauf, was du mit welcher Hand tust. Die linke Hand gibt, die rechte Hand nimmt. F\u00fchre ein Schwert oder einen Bogen mit der Rechten, aber gr\u00fc\u00dfe und \u00fcberreiche Gegenst\u00e4nde mit der Linken, denn die Linke kommt vom Herzen. Ein Heilzauber wird mit der Linken gewirkt, ein Feuerball mit der Rechten usf. Wer das vergisst (und z.B. einen Becher Met mit der Rechten reicht), darf mit einer Ohrfeige (ausgef\u00fchrt mit der linken Hand) freundlich daran erinnert werden.<\/p>\n\n\n\n<p>&#8211;&nbsp;&nbsp;&nbsp; Wenn du jemanden gr\u00fc\u00dfen willst, f\u00fchre die Linke kurz an dein Herz und strecke sie dann ge\u00f6ffnet deinem Gegen\u00fcber entgegen. Gardisten gr\u00fc\u00dfen stattdessen mit dem Gardistengru\u00df: die geballte linke Faust wird an die Brust geschlagen.<\/p>\n\n\n\n<p>&#8211;&nbsp;&nbsp; M\u00f6chtest du auch mit Worten gr\u00fc\u00dfen, so w\u00fcnscht man dem Gegen\u00fcber den Segen eines Gottes. So werden Gardisten einander mit &#8220; &#8218;cendius&#8216; Segen&#8220; oder &#8222;Reyas Segen&#8220; gr\u00fc\u00dfen, einen Reisenden gr\u00fc\u00dft und verabschiedet man mit &#8222;Eras&#8216; Segen&#8220; und einem Verwundeten w\u00fcnscht man vielleicht &#8222;Lyvas Segen&#8220;. Welchen Gott man w\u00e4hlt, richtet sich vor allem danach, welchen Gott man selber am meisten ehrt und wessen Segen in der Situation gerade am besten passt. Vor dem Zubettgehen w\u00fcnscht man sich Reyas Segen, da sie die Menschen in der Nacht beh\u00fctet.<\/p>\n\n\n\n<p>&#8211;&nbsp;&nbsp;&nbsp; Sei mutig und selbstbewusst!<\/p>\n\n\n\n<p>&#8211;&nbsp;&nbsp;&nbsp; Genie\u00df das Leben! Met, Maid und Musik!<br><\/p>\n\n\n\n<p>Wenn du dich mehr f\u00fcr Thrimor und seinen farbigen Hintergrund interessierst, findest du <a href=\"https:\/\/www.thrimor.at\/index.php\/hintergruende-it\/einfuehrung\/\">hier <\/a>noch weitere Infos.<\/p>\n\n\n\n<p>Tipps zur sprachlichen Ausgestaltung eures Lieblings k\u00f6nnt ihr euch noch hier einholen: <a href=\"http:\/\/www.mittelalter-tross.de\/mittelalter-sprache.html\" target=\"_blank\" rel=\"noreferrer noopener\">http:\/\/www.mittelalter-tross.de\/mittelalter-sprache.html<\/a><\/p>\n","protected":false},"excerpt":{"rendered":"<p>Thrimorer werden in f\u00fcnf Minuten Mehr Informationen zur Vereinsmitgliedschaft findet ihr unter: Die Thrimorer &#8211; Mitglied werden Du m\u00f6chtest einen Thrimorer spielen, dich aber noch nicht in den ganzen Hintergrund einlesen? Los geht\u2019s! &#8211;&nbsp;&nbsp;&nbsp; Thrimorer lieben ihren Grafen \u00fcber alles. Wann immer er erw\u00e4hnt wird, rufe laut: \u201eF\u00fcr den Grafen! Folken Tirell Thrimos!\u201c Das ist [&hellip;]<\/p>\n","protected":false},"author":1,"featured_media":0,"parent":87,"menu_order":4,"comment_status":"closed","ping_status":"closed","template":"","meta":{"om_disable_all_campaigns":false,"footnotes":""},"class_list":["post-20","page","type-page","status-publish","hentry"],"yoast_head":"<!-- This site is optimized with the Yoast SEO plugin v26.1.1 - https:\/\/yoast.com\/wordpress\/plugins\/seo\/ -->\n<title>Ein Thrimorer - Thrimorer Garde<\/title>\n<meta name=\"robots\" content=\"index, follow, max-snippet:-1, max-image-preview:large, max-video-preview:-1\" \/>\n<link rel=\"canonical\" href=\"https:\/\/www.thrimor.at\/index.php\/was-ist\/ein-thrimorer\/\" \/>\n<meta property=\"og:locale\" content=\"de_DE\" \/>\n<meta property=\"og:type\" content=\"article\" \/>\n<meta property=\"og:title\" content=\"Ein Thrimorer - Thrimorer Garde\" \/>\n<meta property=\"og:description\" content=\"Thrimorer werden in f\u00fcnf Minuten Mehr Informationen zur Vereinsmitgliedschaft findet ihr unter: Die Thrimorer &#8211; Mitglied werden Du m\u00f6chtest einen Thrimorer spielen, dich aber noch nicht in den ganzen Hintergrund einlesen? Los geht\u2019s! &#8211;&nbsp;&nbsp;&nbsp; Thrimorer lieben ihren Grafen \u00fcber alles. Wann immer er erw\u00e4hnt wird, rufe laut: \u201eF\u00fcr den Grafen! Folken Tirell Thrimos!\u201c Das ist [&hellip;]\" \/>\n<meta property=\"og:url\" content=\"https:\/\/www.thrimor.at\/index.php\/was-ist\/ein-thrimorer\/\" \/>\n<meta property=\"og:site_name\" content=\"Thrimorer Garde\" \/>\n<meta property=\"article:modified_time\" content=\"2025-04-07T12:14:14+00:00\" \/>\n<meta property=\"og:image\" content=\"https:\/\/www.thrimor.at\/wp-content\/uploads\/2021\/06\/TaverneFarunIII_03.jpg\" \/>\n\t<meta property=\"og:image:width\" content=\"1500\" \/>\n\t<meta property=\"og:image:height\" content=\"1000\" \/>\n\t<meta property=\"og:image:type\" content=\"image\/jpeg\" \/>\n<meta name=\"twitter:card\" content=\"summary_large_image\" \/>\n<meta name=\"twitter:label1\" content=\"Gesch\u00e4tzte Lesezeit\" \/>\n\t<meta name=\"twitter:data1\" content=\"3\u00a0Minuten\" \/>\n<script type=\"application\/ld+json\" class=\"yoast-schema-graph\">{\"@context\":\"https:\/\/schema.org\",\"@graph\":[{\"@type\":\"WebPage\",\"@id\":\"https:\/\/www.thrimor.at\/index.php\/was-ist\/ein-thrimorer\/\",\"url\":\"https:\/\/www.thrimor.at\/index.php\/was-ist\/ein-thrimorer\/\",\"name\":\"Ein Thrimorer - Thrimorer Garde\",\"isPartOf\":{\"@id\":\"https:\/\/www.thrimor.at\/#website\"},\"primaryImageOfPage\":{\"@id\":\"https:\/\/www.thrimor.at\/index.php\/was-ist\/ein-thrimorer\/#primaryimage\"},\"image\":{\"@id\":\"https:\/\/www.thrimor.at\/index.php\/was-ist\/ein-thrimorer\/#primaryimage\"},\"thumbnailUrl\":\"https:\/\/www.thrimor.at\/wp-content\/uploads\/2021\/06\/TaverneFarunIII_03-1024x683.jpg\",\"datePublished\":\"2020-04-25T07:57:57+00:00\",\"dateModified\":\"2025-04-07T12:14:14+00:00\",\"breadcrumb\":{\"@id\":\"https:\/\/www.thrimor.at\/index.php\/was-ist\/ein-thrimorer\/#breadcrumb\"},\"inLanguage\":\"de\",\"potentialAction\":[{\"@type\":\"ReadAction\",\"target\":[\"https:\/\/www.thrimor.at\/index.php\/was-ist\/ein-thrimorer\/\"]}]},{\"@type\":\"ImageObject\",\"inLanguage\":\"de\",\"@id\":\"https:\/\/www.thrimor.at\/index.php\/was-ist\/ein-thrimorer\/#primaryimage\",\"url\":\"https:\/\/www.thrimor.at\/wp-content\/uploads\/2021\/06\/TaverneFarunIII_03.jpg\",\"contentUrl\":\"https:\/\/www.thrimor.at\/wp-content\/uploads\/2021\/06\/TaverneFarunIII_03.jpg\",\"width\":1500,\"height\":1000},{\"@type\":\"BreadcrumbList\",\"@id\":\"https:\/\/www.thrimor.at\/index.php\/was-ist\/ein-thrimorer\/#breadcrumb\",\"itemListElement\":[{\"@type\":\"ListItem\",\"position\":1,\"name\":\"Home\",\"item\":\"https:\/\/www.thrimor.at\/\"},{\"@type\":\"ListItem\",\"position\":2,\"name\":\"Was ist &#8230;\",\"item\":\"https:\/\/www.thrimor.at\/index.php\/was-ist\/\"},{\"@type\":\"ListItem\",\"position\":3,\"name\":\"Ein Thrimorer\"}]},{\"@type\":\"WebSite\",\"@id\":\"https:\/\/www.thrimor.at\/#website\",\"url\":\"https:\/\/www.thrimor.at\/\",\"name\":\"Thrimorer Garde\",\"description\":\"Eine engagierte LARP-Community aus Salzburg\",\"potentialAction\":[{\"@type\":\"SearchAction\",\"target\":{\"@type\":\"EntryPoint\",\"urlTemplate\":\"https:\/\/www.thrimor.at\/?s={search_term_string}\"},\"query-input\":{\"@type\":\"PropertyValueSpecification\",\"valueRequired\":true,\"valueName\":\"search_term_string\"}}],\"inLanguage\":\"de\"}]}<\/script>\n<!-- \/ Yoast SEO plugin. -->","yoast_head_json":{"title":"Ein Thrimorer - Thrimorer Garde","robots":{"index":"index","follow":"follow","max-snippet":"max-snippet:-1","max-image-preview":"max-image-preview:large","max-video-preview":"max-video-preview:-1"},"canonical":"https:\/\/www.thrimor.at\/index.php\/was-ist\/ein-thrimorer\/","og_locale":"de_DE","og_type":"article","og_title":"Ein Thrimorer - Thrimorer Garde","og_description":"Thrimorer werden in f\u00fcnf Minuten Mehr Informationen zur Vereinsmitgliedschaft findet ihr unter: Die Thrimorer &#8211; Mitglied werden Du m\u00f6chtest einen Thrimorer spielen, dich aber noch nicht in den ganzen Hintergrund einlesen? Los geht\u2019s! &#8211;&nbsp;&nbsp;&nbsp; Thrimorer lieben ihren Grafen \u00fcber alles. Wann immer er erw\u00e4hnt wird, rufe laut: \u201eF\u00fcr den Grafen! Folken Tirell Thrimos!\u201c Das ist [&hellip;]","og_url":"https:\/\/www.thrimor.at\/index.php\/was-ist\/ein-thrimorer\/","og_site_name":"Thrimorer Garde","article_modified_time":"2025-04-07T12:14:14+00:00","og_image":[{"width":1500,"height":1000,"url":"https:\/\/www.thrimor.at\/wp-content\/uploads\/2021\/06\/TaverneFarunIII_03.jpg","type":"image\/jpeg"}],"twitter_card":"summary_large_image","twitter_misc":{"Gesch\u00e4tzte Lesezeit":"3\u00a0Minuten"},"schema":{"@context":"https:\/\/schema.org","@graph":[{"@type":"WebPage","@id":"https:\/\/www.thrimor.at\/index.php\/was-ist\/ein-thrimorer\/","url":"https:\/\/www.thrimor.at\/index.php\/was-ist\/ein-thrimorer\/","name":"Ein Thrimorer - Thrimorer Garde","isPartOf":{"@id":"https:\/\/www.thrimor.at\/#website"},"primaryImageOfPage":{"@id":"https:\/\/www.thrimor.at\/index.php\/was-ist\/ein-thrimorer\/#primaryimage"},"image":{"@id":"https:\/\/www.thrimor.at\/index.php\/was-ist\/ein-thrimorer\/#primaryimage"},"thumbnailUrl":"https:\/\/www.thrimor.at\/wp-content\/uploads\/2021\/06\/TaverneFarunIII_03-1024x683.jpg","datePublished":"2020-04-25T07:57:57+00:00","dateModified":"2025-04-07T12:14:14+00:00","breadcrumb":{"@id":"https:\/\/www.thrimor.at\/index.php\/was-ist\/ein-thrimorer\/#breadcrumb"},"inLanguage":"de","potentialAction":[{"@type":"ReadAction","target":["https:\/\/www.thrimor.at\/index.php\/was-ist\/ein-thrimorer\/"]}]},{"@type":"ImageObject","inLanguage":"de","@id":"https:\/\/www.thrimor.at\/index.php\/was-ist\/ein-thrimorer\/#primaryimage","url":"https:\/\/www.thrimor.at\/wp-content\/uploads\/2021\/06\/TaverneFarunIII_03.jpg","contentUrl":"https:\/\/www.thrimor.at\/wp-content\/uploads\/2021\/06\/TaverneFarunIII_03.jpg","width":1500,"height":1000},{"@type":"BreadcrumbList","@id":"https:\/\/www.thrimor.at\/index.php\/was-ist\/ein-thrimorer\/#breadcrumb","itemListElement":[{"@type":"ListItem","position":1,"name":"Home","item":"https:\/\/www.thrimor.at\/"},{"@type":"ListItem","position":2,"name":"Was ist &#8230;","item":"https:\/\/www.thrimor.at\/index.php\/was-ist\/"},{"@type":"ListItem","position":3,"name":"Ein Thrimorer"}]},{"@type":"WebSite","@id":"https:\/\/www.thrimor.at\/#website","url":"https:\/\/www.thrimor.at\/","name":"Thrimorer Garde","description":"Eine engagierte LARP-Community aus Salzburg","potentialAction":[{"@type":"SearchAction","target":{"@type":"EntryPoint","urlTemplate":"https:\/\/www.thrimor.at\/?s={search_term_string}"},"query-input":{"@type":"PropertyValueSpecification","valueRequired":true,"valueName":"search_term_string"}}],"inLanguage":"de"}]}},"jetpack_sharing_enabled":true,"_links":{"self":[{"href":"https:\/\/www.thrimor.at\/index.php\/wp-json\/wp\/v2\/pages\/20","targetHints":{"allow":["GET"]}}],"collection":[{"href":"https:\/\/www.thrimor.at\/index.php\/wp-json\/wp\/v2\/pages"}],"about":[{"href":"https:\/\/www.thrimor.at\/index.php\/wp-json\/wp\/v2\/types\/page"}],"author":[{"embeddable":true,"href":"https:\/\/www.thrimor.at\/index.php\/wp-json\/wp\/v2\/users\/1"}],"replies":[{"embeddable":true,"href":"https:\/\/www.thrimor.at\/index.php\/wp-json\/wp\/v2\/comments?post=20"}],"version-history":[{"count":6,"href":"https:\/\/www.thrimor.at\/index.php\/wp-json\/wp\/v2\/pages\/20\/revisions"}],"predecessor-version":[{"id":1595,"href":"https:\/\/www.thrimor.at\/index.php\/wp-json\/wp\/v2\/pages\/20\/revisions\/1595"}],"up":[{"embeddable":true,"href":"https:\/\/www.thrimor.at\/index.php\/wp-json\/wp\/v2\/pages\/87"}],"wp:attachment":[{"href":"https:\/\/www.thrimor.at\/index.php\/wp-json\/wp\/v2\/media?parent=20"}],"curies":[{"name":"wp","href":"https:\/\/api.w.org\/{rel}","templated":true}]}}