{"id":28,"date":"2020-04-25T08:04:11","date_gmt":"2020-04-25T08:04:11","guid":{"rendered":"https:\/\/relaunch2.thrimor.at\/index.php\/allgemeines\/"},"modified":"2023-04-29T10:25:58","modified_gmt":"2023-04-29T08:25:58","slug":"allgemeines","status":"publish","type":"page","link":"https:\/\/www.thrimor.at\/index.php\/hintergruende-it\/allgemeines\/","title":{"rendered":"Allgemeines"},"content":{"rendered":"\n<h1 class=\"wp-block-heading\">Allgemeines \u00fcber Thrimor<\/h1>\n\n\n\n<h3 class=\"wp-block-heading\">Steckbrief<\/h3>\n\n\n\n<div class=\"wp-block-columns are-vertically-aligned-top is-layout-flex wp-container-core-columns-is-layout-9d6595d7 wp-block-columns-is-layout-flex\">\n<div class=\"wp-block-column is-vertically-aligned-top is-layout-flow wp-block-column-is-layout-flow\" style=\"flex-basis:100%\">\n<figure class=\"wp-block-table\"><table><tbody><tr><th scope=\"row\">Hauptstadt:<\/th><td>Obturum<br><\/td><\/tr><tr><th scope=\"row\">L\u00e4ndereien &amp; Hauptst\u00e4dte:<\/th><td><a href=\"https:\/\/www.thrimor.at\/index.php\/hintergruende-it\/alvinion\/\">Alvinion<\/a>: Obturum<br><a href=\"https:\/\/www.thrimor.at\/index.php\/hintergruende-it\/tharis\/\">Tharis<\/a>: Tharheim<br><a href=\"https:\/\/www.thrimor.at\/index.php\/hintergruende-it\/lanyrien\/\">Lanyrien<\/a>: Lanoitan<br><a href=\"https:\/\/www.thrimor.at\/hintergruende-it\/nieljanira\/\">Niel\u2019<\/a><a href=\"https:\/\/www.thrimor.at\/index.php\/hintergruende-it\/nieljanira\/\">janira<\/a>: Trevi<br><a href=\"https:\/\/www.thrimor.at\/index.php\/hintergruende-it\/farun\/\">Farun<\/a>: Trantharing<br><\/td><\/tr><tr><th scope=\"row\"><strong>Grenzl\u00e4nder:<\/strong><\/th><td><a href=\"http:\/\/www.uninga.de\">Uninga <\/a>(S\u00fcden), <a href=\"http:\/\/www.suedlande.de\/ciryon-a.html\" target=\"_blank\" rel=\"noreferrer noopener\">Altciryonisches Reich <\/a>(indirekt), <a href=\"http:\/\/www.deloslive.de\">Neuandorien <\/a>(indirekt)<br><\/td><\/tr><tr><th scope=\"row\"><strong>Herrscher:<\/strong><\/th><td>Graf Folken Tirell Thrimos<br><\/td><\/tr><tr><th scope=\"row\"><strong>Einwohner:<\/strong><\/th><td>ca. 150.000 (laut letzter Volksz\u00e4hlung)<br><\/td><\/tr><tr><th scope=\"row\"><strong>W\u00e4hrung:<\/strong><\/th><td><a href=\"http:\/\/www.suedlande.de\/waehrung.html\" target=\"_blank\" rel=\"noreferrer noopener\">S\u00fcdlande <\/a>(Kupfer, Silber und Gold), der Thrimorer Schilling (ebenfalls in Kupfer, Silber und Gold)<br><\/td><\/tr><tr><th scope=\"row\"><strong>Sehensw\u00fcrdigkeiten<\/strong><\/th><td>Farunwald<br>Cantharische Akademie der magischen K\u00fcnste<br>Platz des Goldenen Schillings in Obturum<br>Quellen von Quantar bei Thrantharing<br>Bardenduell bei der Seeb\u00fchne in Trevi<br>Lanoitische Krabaukwoche<br>Tharheimer Eiswand<br>Kloster Shabbarflam im Niel\u2019tus-See<br>Wolfenruher Weiberschubsen<br>Glasstadt Trevi<br>Die Grafen Feste am Landbruch<br><\/td><\/tr><tr><th scope=\"row\"><a href=\"https:\/\/www.thrimor.at\/index.php\/hintergruende-it\/das-wappen\/\">Landeswappen<\/a><\/th><td>Thrimorer Stern: silberne Kugel umgeben von 5 wei\u00dfen Kristallen mit goldener Verzierung auf dunkelgr\u00fcnem Grund<br><\/td><\/tr><\/tbody><\/table><\/figure>\n<\/div>\n<\/div>\n\n\n\n<figure class=\"wp-block-image size-full\"><img loading=\"lazy\" decoding=\"async\" width=\"541\" height=\"542\" src=\"https:\/\/www.thrimor.at\/wp-content\/uploads\/2022\/02\/Thrimor-Stern_ganz_logo.jpg\" alt=\"\" class=\"wp-image-907\" srcset=\"https:\/\/www.thrimor.at\/wp-content\/uploads\/2022\/02\/Thrimor-Stern_ganz_logo.jpg 541w, https:\/\/www.thrimor.at\/wp-content\/uploads\/2022\/02\/Thrimor-Stern_ganz_logo-300x300.jpg 300w, https:\/\/www.thrimor.at\/wp-content\/uploads\/2022\/02\/Thrimor-Stern_ganz_logo-150x150.jpg 150w\" sizes=\"auto, (max-width: 541px) 100vw, 541px\" \/><\/figure>\n\n\n\n<h3 class=\"wp-block-heading\">Jahreszeiten und Kalender<\/h3>\n\n\n\n<p>In Thrimor herrscht ein gem\u00e4\u00dfigtes Klima mit vier Jahreszeiten vor, die je einem der <a href=\"https:\/\/www.thrimor.at\/index.php\/hintergruende-it\/religionen\/\">Elementarherren <\/a>geweiht sind:<\/p>\n\n\n\n<p>Aussaat&nbsp;&nbsp;&nbsp;&nbsp;&nbsp;&nbsp;&nbsp;&nbsp;&nbsp;&nbsp; (Fr\u00fchling, Lyva zugeordnet)<\/p>\n\n\n\n<p>Launacht&nbsp;&nbsp;&nbsp;&nbsp;&nbsp;&nbsp;&nbsp;&nbsp; (Sommer, Incendius zugeordnet)<\/p>\n\n\n\n<p>Gro\u00dfe Ernte&nbsp;&nbsp;&nbsp; (Herbst, Reya zugeordnet)<\/p>\n\n\n\n<p>Frostn\u00e4chte&nbsp;&nbsp;&nbsp;&nbsp; (Winter, Eras zugeordnet)<\/p>\n\n\n\n<p>Der Thrimorer Kalender wird in diese vier Jahreszeiten unterteilt. Jede Jahreszeit umfasst 91 Tage. Ein Schalttag wird jedes Jahr von einer Jahreszeit zur n\u00e4chsten weitergereicht. Die Thrimorer freuen sich dann zum Beispiel \u00fcber einen \u201elangen Sommer\u201d, wenn der Sommer einmal 92 Tage lang dauert. Alle vier Jahre kommt noch ein weiterer Schalttag dazu. Stellt euch vor &#8211; ein Sommer mit 93 Tagen!<\/p>\n\n\n\n<p>Da Thrimorer \u00e4u\u00dferst gerne feiern, gibt es im Laufe des Jahres auch eine Unzahl an <a href=\"https:\/\/www.thrimor.at\/index.php\/hintergruende-it\/religoese-praxis\/\">Feiertagen<\/a>.<\/p>\n\n\n\n<p>Die Zeitrechnung richtet sich nach der Prophezeiung aus. Heute haben wir <a href=\"https:\/\/www.thrimor.at\/index.php\/hintergruende-it\/geschichte\/\">das Jahr 9 vor der Erf\u00fcllung der Prophezeiung<\/a>.<\/p>\n\n\n\n<h3 class=\"wp-block-heading\">Neuandorisches Gampfball<\/h3>\n\n\n\n<p>Ein Spiel eint alle Thrimorer, von Nord bis S\u00fcd, von Ost nach West: Das neu-andorische <a href=\"http:\/\/www.deloslive.de\/Hintergrund\/Gampfball.html\" target=\"_blank\" rel=\"noreferrer noopener\">Gampfball<\/a>. Auch wenn es \u00fcber die Grenzen von Thrimor hinaus bekannt ist, wird es nirgends mit solchem Eifer gespielt wie in Thrimor. \u201eWelche Rolle bekleidest du in deiner Mannschaft?\u201c ist eine Frage, die man sich beim Kennenlernen so selbstverst\u00e4ndlich fragt wie \u201eWo kommst du her?\u201c oder \u201eWie alt bist du?\u201c.<\/p>\n\n\n\n<figure class=\"wp-block-image size-full\"><img loading=\"lazy\" decoding=\"async\" width=\"352\" height=\"640\" src=\"https:\/\/www.thrimor.at\/wp-content\/uploads\/2022\/02\/Gampfball_1.jpg\" alt=\"\" class=\"wp-image-905\" srcset=\"https:\/\/www.thrimor.at\/wp-content\/uploads\/2022\/02\/Gampfball_1.jpg 352w, https:\/\/www.thrimor.at\/wp-content\/uploads\/2022\/02\/Gampfball_1-165x300.jpg 165w\" sizes=\"auto, (max-width: 352px) 100vw, 352px\" \/><\/figure>\n\n\n\n<p><\/p>\n","protected":false},"excerpt":{"rendered":"<p>Allgemeines \u00fcber Thrimor Steckbrief Hauptstadt: Obturum L\u00e4ndereien &amp; Hauptst\u00e4dte: Alvinion: ObturumTharis: TharheimLanyrien: LanoitanNiel\u2019janira: TreviFarun: Trantharing Grenzl\u00e4nder: Uninga (S\u00fcden), Altciryonisches Reich (indirekt), Neuandorien (indirekt) Herrscher: Graf Folken Tirell Thrimos Einwohner: ca. 150.000 (laut letzter Volksz\u00e4hlung) W\u00e4hrung: S\u00fcdlande (Kupfer, Silber und Gold), der Thrimorer Schilling (ebenfalls in Kupfer, Silber und Gold) Sehensw\u00fcrdigkeiten FarunwaldCantharische Akademie der magischen K\u00fcnstePlatz [&hellip;]<\/p>\n","protected":false},"author":1,"featured_media":0,"parent":89,"menu_order":2,"comment_status":"closed","ping_status":"closed","template":"","meta":{"om_disable_all_campaigns":false,"footnotes":""},"class_list":["post-28","page","type-page","status-publish","hentry"],"yoast_head":"<!-- This site is optimized with the Yoast SEO plugin v26.1.1 - https:\/\/yoast.com\/wordpress\/plugins\/seo\/ -->\n<title>Allgemeines - Thrimorer Garde<\/title>\n<meta name=\"robots\" content=\"index, follow, max-snippet:-1, max-image-preview:large, max-video-preview:-1\" \/>\n<link rel=\"canonical\" href=\"https:\/\/www.thrimor.at\/index.php\/hintergruende-it\/allgemeines\/\" \/>\n<meta property=\"og:locale\" content=\"de_DE\" \/>\n<meta property=\"og:type\" content=\"article\" \/>\n<meta property=\"og:title\" content=\"Allgemeines - Thrimorer Garde\" \/>\n<meta property=\"og:description\" content=\"Allgemeines \u00fcber Thrimor Steckbrief Hauptstadt: Obturum L\u00e4ndereien &amp; Hauptst\u00e4dte: Alvinion: ObturumTharis: TharheimLanyrien: LanoitanNiel\u2019janira: TreviFarun: Trantharing Grenzl\u00e4nder: Uninga (S\u00fcden), Altciryonisches Reich (indirekt), Neuandorien (indirekt) Herrscher: Graf Folken Tirell Thrimos Einwohner: ca. 150.000 (laut letzter Volksz\u00e4hlung) W\u00e4hrung: S\u00fcdlande (Kupfer, Silber und Gold), der Thrimorer Schilling (ebenfalls in Kupfer, Silber und Gold) Sehensw\u00fcrdigkeiten FarunwaldCantharische Akademie der magischen K\u00fcnstePlatz [&hellip;]\" \/>\n<meta property=\"og:url\" content=\"https:\/\/www.thrimor.at\/index.php\/hintergruende-it\/allgemeines\/\" \/>\n<meta property=\"og:site_name\" content=\"Thrimorer Garde\" \/>\n<meta property=\"article:modified_time\" content=\"2023-04-29T08:25:58+00:00\" \/>\n<meta property=\"og:image\" content=\"https:\/\/www.thrimor.at\/wp-content\/uploads\/2022\/02\/Thrimor-Stern_ganz_logo.jpg\" \/>\n<meta name=\"twitter:card\" content=\"summary_large_image\" \/>\n<meta name=\"twitter:label1\" content=\"Gesch\u00e4tzte Lesezeit\" \/>\n\t<meta name=\"twitter:data1\" content=\"3\u00a0Minuten\" \/>\n<script type=\"application\/ld+json\" class=\"yoast-schema-graph\">{\"@context\":\"https:\/\/schema.org\",\"@graph\":[{\"@type\":\"WebPage\",\"@id\":\"https:\/\/www.thrimor.at\/index.php\/hintergruende-it\/allgemeines\/\",\"url\":\"https:\/\/www.thrimor.at\/index.php\/hintergruende-it\/allgemeines\/\",\"name\":\"Allgemeines - Thrimorer Garde\",\"isPartOf\":{\"@id\":\"https:\/\/www.thrimor.at\/#website\"},\"primaryImageOfPage\":{\"@id\":\"https:\/\/www.thrimor.at\/index.php\/hintergruende-it\/allgemeines\/#primaryimage\"},\"image\":{\"@id\":\"https:\/\/www.thrimor.at\/index.php\/hintergruende-it\/allgemeines\/#primaryimage\"},\"thumbnailUrl\":\"https:\/\/www.thrimor.at\/wp-content\/uploads\/2022\/02\/Thrimor-Stern_ganz_logo.jpg\",\"datePublished\":\"2020-04-25T08:04:11+00:00\",\"dateModified\":\"2023-04-29T08:25:58+00:00\",\"breadcrumb\":{\"@id\":\"https:\/\/www.thrimor.at\/index.php\/hintergruende-it\/allgemeines\/#breadcrumb\"},\"inLanguage\":\"de\",\"potentialAction\":[{\"@type\":\"ReadAction\",\"target\":[\"https:\/\/www.thrimor.at\/index.php\/hintergruende-it\/allgemeines\/\"]}]},{\"@type\":\"ImageObject\",\"inLanguage\":\"de\",\"@id\":\"https:\/\/www.thrimor.at\/index.php\/hintergruende-it\/allgemeines\/#primaryimage\",\"url\":\"https:\/\/www.thrimor.at\/wp-content\/uploads\/2022\/02\/Thrimor-Stern_ganz_logo.jpg\",\"contentUrl\":\"https:\/\/www.thrimor.at\/wp-content\/uploads\/2022\/02\/Thrimor-Stern_ganz_logo.jpg\",\"width\":541,\"height\":542},{\"@type\":\"BreadcrumbList\",\"@id\":\"https:\/\/www.thrimor.at\/index.php\/hintergruende-it\/allgemeines\/#breadcrumb\",\"itemListElement\":[{\"@type\":\"ListItem\",\"position\":1,\"name\":\"Home\",\"item\":\"https:\/\/www.thrimor.at\/\"},{\"@type\":\"ListItem\",\"position\":2,\"name\":\"Hintergr\u00fcnde (IT)\",\"item\":\"https:\/\/www.thrimor.at\/index.php\/hintergruende-it\/\"},{\"@type\":\"ListItem\",\"position\":3,\"name\":\"Allgemeines\"}]},{\"@type\":\"WebSite\",\"@id\":\"https:\/\/www.thrimor.at\/#website\",\"url\":\"https:\/\/www.thrimor.at\/\",\"name\":\"Thrimorer Garde\",\"description\":\"Eine engagierte LARP-Community aus Salzburg\",\"potentialAction\":[{\"@type\":\"SearchAction\",\"target\":{\"@type\":\"EntryPoint\",\"urlTemplate\":\"https:\/\/www.thrimor.at\/?s={search_term_string}\"},\"query-input\":{\"@type\":\"PropertyValueSpecification\",\"valueRequired\":true,\"valueName\":\"search_term_string\"}}],\"inLanguage\":\"de\"}]}<\/script>\n<!-- \/ Yoast SEO plugin. -->","yoast_head_json":{"title":"Allgemeines - Thrimorer Garde","robots":{"index":"index","follow":"follow","max-snippet":"max-snippet:-1","max-image-preview":"max-image-preview:large","max-video-preview":"max-video-preview:-1"},"canonical":"https:\/\/www.thrimor.at\/index.php\/hintergruende-it\/allgemeines\/","og_locale":"de_DE","og_type":"article","og_title":"Allgemeines - Thrimorer Garde","og_description":"Allgemeines \u00fcber Thrimor Steckbrief Hauptstadt: Obturum L\u00e4ndereien &amp; Hauptst\u00e4dte: Alvinion: ObturumTharis: TharheimLanyrien: LanoitanNiel\u2019janira: TreviFarun: Trantharing Grenzl\u00e4nder: Uninga (S\u00fcden), Altciryonisches Reich (indirekt), Neuandorien (indirekt) Herrscher: Graf Folken Tirell Thrimos Einwohner: ca. 150.000 (laut letzter Volksz\u00e4hlung) W\u00e4hrung: S\u00fcdlande (Kupfer, Silber und Gold), der Thrimorer Schilling (ebenfalls in Kupfer, Silber und Gold) Sehensw\u00fcrdigkeiten FarunwaldCantharische Akademie der magischen K\u00fcnstePlatz [&hellip;]","og_url":"https:\/\/www.thrimor.at\/index.php\/hintergruende-it\/allgemeines\/","og_site_name":"Thrimorer Garde","article_modified_time":"2023-04-29T08:25:58+00:00","og_image":[{"url":"https:\/\/www.thrimor.at\/wp-content\/uploads\/2022\/02\/Thrimor-Stern_ganz_logo.jpg","type":"","width":"","height":""}],"twitter_card":"summary_large_image","twitter_misc":{"Gesch\u00e4tzte Lesezeit":"3\u00a0Minuten"},"schema":{"@context":"https:\/\/schema.org","@graph":[{"@type":"WebPage","@id":"https:\/\/www.thrimor.at\/index.php\/hintergruende-it\/allgemeines\/","url":"https:\/\/www.thrimor.at\/index.php\/hintergruende-it\/allgemeines\/","name":"Allgemeines - Thrimorer Garde","isPartOf":{"@id":"https:\/\/www.thrimor.at\/#website"},"primaryImageOfPage":{"@id":"https:\/\/www.thrimor.at\/index.php\/hintergruende-it\/allgemeines\/#primaryimage"},"image":{"@id":"https:\/\/www.thrimor.at\/index.php\/hintergruende-it\/allgemeines\/#primaryimage"},"thumbnailUrl":"https:\/\/www.thrimor.at\/wp-content\/uploads\/2022\/02\/Thrimor-Stern_ganz_logo.jpg","datePublished":"2020-04-25T08:04:11+00:00","dateModified":"2023-04-29T08:25:58+00:00","breadcrumb":{"@id":"https:\/\/www.thrimor.at\/index.php\/hintergruende-it\/allgemeines\/#breadcrumb"},"inLanguage":"de","potentialAction":[{"@type":"ReadAction","target":["https:\/\/www.thrimor.at\/index.php\/hintergruende-it\/allgemeines\/"]}]},{"@type":"ImageObject","inLanguage":"de","@id":"https:\/\/www.thrimor.at\/index.php\/hintergruende-it\/allgemeines\/#primaryimage","url":"https:\/\/www.thrimor.at\/wp-content\/uploads\/2022\/02\/Thrimor-Stern_ganz_logo.jpg","contentUrl":"https:\/\/www.thrimor.at\/wp-content\/uploads\/2022\/02\/Thrimor-Stern_ganz_logo.jpg","width":541,"height":542},{"@type":"BreadcrumbList","@id":"https:\/\/www.thrimor.at\/index.php\/hintergruende-it\/allgemeines\/#breadcrumb","itemListElement":[{"@type":"ListItem","position":1,"name":"Home","item":"https:\/\/www.thrimor.at\/"},{"@type":"ListItem","position":2,"name":"Hintergr\u00fcnde (IT)","item":"https:\/\/www.thrimor.at\/index.php\/hintergruende-it\/"},{"@type":"ListItem","position":3,"name":"Allgemeines"}]},{"@type":"WebSite","@id":"https:\/\/www.thrimor.at\/#website","url":"https:\/\/www.thrimor.at\/","name":"Thrimorer Garde","description":"Eine engagierte LARP-Community aus Salzburg","potentialAction":[{"@type":"SearchAction","target":{"@type":"EntryPoint","urlTemplate":"https:\/\/www.thrimor.at\/?s={search_term_string}"},"query-input":{"@type":"PropertyValueSpecification","valueRequired":true,"valueName":"search_term_string"}}],"inLanguage":"de"}]}},"jetpack_sharing_enabled":true,"_links":{"self":[{"href":"https:\/\/www.thrimor.at\/index.php\/wp-json\/wp\/v2\/pages\/28","targetHints":{"allow":["GET"]}}],"collection":[{"href":"https:\/\/www.thrimor.at\/index.php\/wp-json\/wp\/v2\/pages"}],"about":[{"href":"https:\/\/www.thrimor.at\/index.php\/wp-json\/wp\/v2\/types\/page"}],"author":[{"embeddable":true,"href":"https:\/\/www.thrimor.at\/index.php\/wp-json\/wp\/v2\/users\/1"}],"replies":[{"embeddable":true,"href":"https:\/\/www.thrimor.at\/index.php\/wp-json\/wp\/v2\/comments?post=28"}],"version-history":[{"count":13,"href":"https:\/\/www.thrimor.at\/index.php\/wp-json\/wp\/v2\/pages\/28\/revisions"}],"predecessor-version":[{"id":1259,"href":"https:\/\/www.thrimor.at\/index.php\/wp-json\/wp\/v2\/pages\/28\/revisions\/1259"}],"up":[{"embeddable":true,"href":"https:\/\/www.thrimor.at\/index.php\/wp-json\/wp\/v2\/pages\/89"}],"wp:attachment":[{"href":"https:\/\/www.thrimor.at\/index.php\/wp-json\/wp\/v2\/media?parent=28"}],"curies":[{"name":"wp","href":"https:\/\/api.w.org\/{rel}","templated":true}]}}